Last updated on 2024-03-29 01:51:05 CET.
Flavor | Version | Tinstall | Tcheck | Ttotal | Status | Flags |
---|---|---|---|---|---|---|
r-devel-linux-x86_64-debian-clang | 1.0.6 | 54.41 | 488.00 | 542.41 | OK | |
r-devel-linux-x86_64-debian-gcc | 1.0.6 | 51.37 | 357.41 | 408.78 | OK | |
r-devel-linux-x86_64-fedora-clang | 1.0.6 | 726.31 | NOTE | |||
r-devel-linux-x86_64-fedora-gcc | 1.0.6 | 676.28 | OK | |||
r-devel-windows-x86_64 | 1.0.6 | 40.00 | 290.00 | 330.00 | NOTE | |
r-patched-linux-x86_64 | 1.0.6 | 45.07 | 473.56 | 518.63 | OK | |
r-release-linux-x86_64 | 1.0.6 | 41.97 | 472.96 | 514.93 | OK | |
r-release-macos-arm64 | 1.0.6 | 148.00 | NOTE | |||
r-release-macos-x86_64 | 1.0.6 | 412.00 | NOTE | |||
r-release-windows-x86_64 | 1.0.6 | 54.00 | 396.00 | 450.00 | NOTE | |
r-oldrel-macos-arm64 | 1.0.6 | 144.00 | NOTE | |||
r-oldrel-windows-x86_64 | 1.0.6 | 57.00 | 392.00 | 449.00 | NOTE |
Version: 1.0.6
Check: package dependencies
Result: NOTE
Imports includes 25 non-default packages.
Importing from so many packages makes the package vulnerable to any of
them becoming unavailable. Move as many as possible to Suggests and
use conditionally.
Flavor: r-devel-linux-x86_64-fedora-clang
Version: 1.0.6
Check: installed package size
Result: NOTE
installed size is 5.8Mb
sub-directories of 1Mb or more:
doc 4.0Mb
Flavors: r-devel-linux-x86_64-fedora-clang, r-devel-windows-x86_64, r-release-macos-arm64, r-release-macos-x86_64, r-release-windows-x86_64, r-oldrel-macos-arm64, r-oldrel-windows-x86_64