Last updated on 2024-03-29 01:51:05 CET.
Flavor | Version | Tinstall | Tcheck | Ttotal | Status | Flags |
---|---|---|---|---|---|---|
r-devel-linux-x86_64-debian-clang | 0.1.1 | 2.84 | 47.43 | 50.27 | NOTE | |
r-devel-linux-x86_64-debian-gcc | 0.1.1 | 2.06 | 34.77 | 36.83 | NOTE | |
r-devel-linux-x86_64-fedora-clang | 0.1.1 | 59.69 | NOTE | |||
r-devel-linux-x86_64-fedora-gcc | 0.1.1 | 60.17 | NOTE | |||
r-devel-windows-x86_64 | 0.1.1 | 4.00 | 62.00 | 66.00 | NOTE | |
r-patched-linux-x86_64 | 0.1.1 | 2.93 | 44.66 | 47.59 | NOTE | |
r-release-linux-x86_64 | 0.1.1 | 2.94 | 46.15 | 49.09 | NOTE | |
r-release-macos-arm64 | 0.1.1 | 23.00 | NOTE | |||
r-release-macos-x86_64 | 0.1.1 | 31.00 | NOTE | |||
r-release-windows-x86_64 | 0.1.1 | 5.00 | 67.00 | 72.00 | NOTE | |
r-oldrel-macos-arm64 | 0.1.1 | 18.00 | NOTE | |||
r-oldrel-windows-x86_64 | 0.1.1 | 5.00 | 65.00 | 70.00 | NOTE |
Version: 0.1.1
Check: LazyData
Result: NOTE
'LazyData' is specified without a 'data' directory
Flavors: r-devel-linux-x86_64-debian-clang, r-devel-linux-x86_64-debian-gcc, r-devel-linux-x86_64-fedora-clang, r-devel-linux-x86_64-fedora-gcc, r-devel-windows-x86_64, r-patched-linux-x86_64, r-release-linux-x86_64, r-release-macos-arm64, r-release-macos-x86_64, r-release-windows-x86_64, r-oldrel-macos-arm64, r-oldrel-windows-x86_64
Version: 0.1.1
Check: dependencies in R code
Result: NOTE
Namespace in Imports field not imported from: ‘RCurl’
All declared Imports should be used.
Flavors: r-devel-linux-x86_64-fedora-clang, r-devel-linux-x86_64-fedora-gcc, r-oldrel-macos-arm64