Last updated on 2025-04-30 02:50:38 CEST.
Flavor | Version | Tinstall | Tcheck | Ttotal | Status | Flags |
---|---|---|---|---|---|---|
r-devel-linux-x86_64-debian-clang | 1.0.0 | 3.54 | 50.89 | 54.43 | NOTE | |
r-devel-linux-x86_64-debian-gcc | 1.0.0 | 2.22 | 37.64 | 39.86 | NOTE | |
r-devel-linux-x86_64-fedora-clang | 1.0.0 | 81.62 | OK | |||
r-devel-linux-x86_64-fedora-gcc | 1.0.0 | 93.92 | OK | |||
r-devel-windows-x86_64 | 1.0.0 | 4.00 | 74.00 | 78.00 | NOTE | |
r-patched-linux-x86_64 | 1.0.0 | 3.26 | 47.89 | 51.15 | NOTE | |
r-release-linux-x86_64 | 1.0.0 | 3.18 | 47.03 | 50.21 | NOTE | |
r-release-macos-arm64 | 1.0.0 | 44.00 | OK | |||
r-release-macos-x86_64 | 1.0.0 | 67.00 | OK | |||
r-release-windows-x86_64 | 1.0.0 | 4.00 | 69.00 | 73.00 | NOTE | |
r-oldrel-macos-arm64 | 1.0.0 | 37.00 | OK | |||
r-oldrel-macos-x86_64 | 1.0.0 | 51.00 | OK | |||
r-oldrel-windows-x86_64 | 1.0.0 | 5.00 | 84.00 | 89.00 | OK |
Version: 1.0.0
Check: Rd cross-references
Result: NOTE
Found the following Rd file(s) with Rd \link{} targets missing package
anchors:
AICc.Rd: gam
Please provide package anchors for all Rd \link{} targets not in the
package itself and the base packages.
Flavors: r-devel-linux-x86_64-debian-clang, r-devel-linux-x86_64-debian-gcc, r-devel-windows-x86_64, r-patched-linux-x86_64, r-release-linux-x86_64, r-release-windows-x86_64
Version: 1.0.0
Check: examples
Result: NOTE
Examples with CPU (user + system) or elapsed time > 5s
user system elapsed
dfgam 5.703 0.356 7.446
Flavor: r-devel-linux-x86_64-debian-clang