Last updated on 2022-05-27 02:50:15 CEST.
Flavor | Version | Tinstall | Tcheck | Ttotal | Status | Flags |
---|---|---|---|---|---|---|
r-devel-linux-x86_64-debian-clang | 1.2.0 | 10.34 | 138.24 | 148.58 | NOTE | |
r-devel-linux-x86_64-debian-gcc | 1.2.0 | 10.82 | 114.72 | 125.54 | NOTE | |
r-devel-linux-x86_64-fedora-clang | 1.2.0 | 188.40 | NOTE | |||
r-devel-linux-x86_64-fedora-gcc | 1.2.0 | 182.57 | NOTE | |||
r-devel-windows-x86_64 | 1.2.0 | 21.00 | 149.00 | 170.00 | NOTE | |
r-patched-linux-x86_64 | 1.2.0 | 14.00 | 128.48 | 142.48 | NOTE | |
r-release-linux-x86_64 | 1.2.0 | 11.77 | 130.97 | 142.74 | NOTE | |
r-release-macos-arm64 | 1.2.0 | 53.00 | NOTE | |||
r-release-macos-x86_64 | 1.2.0 | 100.00 | NOTE | |||
r-release-windows-x86_64 | 1.2.0 | 29.00 | 150.00 | 179.00 | NOTE | |
r-oldrel-macos-arm64 | 1.2.0 | 53.00 | NOTE | |||
r-oldrel-macos-x86_64 | 1.2.0 | 90.00 | NOTE | |||
r-oldrel-windows-ix86+x86_64 | 1.2.0 | 27.00 | 143.00 | 170.00 | NOTE |
Version: 1.2.0
Check: LazyData
Result: NOTE
'LazyData' is specified without a 'data' directory
Flavors: r-devel-linux-x86_64-debian-clang, r-devel-linux-x86_64-debian-gcc, r-devel-linux-x86_64-fedora-clang, r-devel-linux-x86_64-fedora-gcc, r-devel-windows-x86_64, r-patched-linux-x86_64, r-release-linux-x86_64, r-release-macos-arm64, r-release-macos-x86_64, r-release-windows-x86_64, r-oldrel-macos-arm64, r-oldrel-macos-x86_64, r-oldrel-windows-ix86+x86_64