Last updated on 2024-04-24 01:52:10 CEST.
Flavor | Version | Tinstall | Tcheck | Ttotal | Status | Flags |
---|---|---|---|---|---|---|
r-devel-linux-x86_64-debian-clang | 0.3.3 | 37.37 | 129.02 | 166.39 | OK | |
r-devel-linux-x86_64-debian-gcc | 0.3.3 | 27.21 | 100.14 | 127.35 | OK | |
r-devel-linux-x86_64-fedora-clang | 0.3.3 | 222.64 | NOTE | |||
r-devel-linux-x86_64-fedora-gcc | 0.3.3 | 224.75 | OK | |||
r-prerel-macos-arm64 | 0.3.3 | 52.00 | NOTE | |||
r-prerel-windows-x86_64 | 0.3.3 | 31.00 | 114.00 | 145.00 | NOTE | |
r-patched-linux-x86_64 | 0.3.3 | 35.53 | 126.59 | 162.12 | OK | |
r-release-linux-x86_64 | 0.3.3 | 35.51 | 126.01 | 161.52 | OK | |
r-release-macos-arm64 | 0.3.3 | 60.00 | NOTE | |||
r-release-macos-x86_64 | 0.3.3 | 125.00 | NOTE | |||
r-release-windows-x86_64 | 0.3.3 | 41.00 | 141.00 | 182.00 | NOTE | |
r-oldrel-macos-arm64 | 0.3.3 | 62.00 | NOTE | |||
r-oldrel-windows-x86_64 | 0.3.3 | 38.00 | 133.00 | 171.00 | NOTE |
Version: 0.3.3
Check: installed package size
Result: NOTE
installed size is 9.9Mb
sub-directories of 1Mb or more:
doc 9.1Mb
Flavors: r-devel-linux-x86_64-fedora-clang, r-prerel-macos-arm64, r-prerel-windows-x86_64, r-release-macos-arm64, r-release-macos-x86_64, r-release-windows-x86_64, r-oldrel-macos-arm64, r-oldrel-windows-x86_64