Last updated on 2025-05-05 01:50:47 CEST.
Flavor | Version | Tinstall | Tcheck | Ttotal | Status | Flags |
---|---|---|---|---|---|---|
r-devel-linux-x86_64-debian-clang | 0.7 | 9.27 | 21.54 | 30.81 | NOTE | |
r-devel-linux-x86_64-debian-gcc | 0.7 | 6.57 | 17.34 | 23.91 | NOTE | |
r-devel-linux-x86_64-fedora-clang | 0.7 | 53.70 | NOTE | |||
r-devel-linux-x86_64-fedora-gcc | 0.7 | 51.28 | NOTE | |||
r-devel-windows-x86_64 | 0.7 | 14.00 | 57.00 | 71.00 | OK | |
r-patched-linux-x86_64 | 0.7 | 8.39 | 20.90 | 29.29 | OK | |
r-release-linux-x86_64 | 0.7 | 8.82 | 20.80 | 29.62 | OK | |
r-release-macos-arm64 | 0.7 | 21.00 | OK | |||
r-release-macos-x86_64 | 0.7 | 35.00 | OK | |||
r-release-windows-x86_64 | 0.7 | 17.00 | 60.00 | 77.00 | OK | |
r-oldrel-macos-arm64 | 0.7 | 25.00 | OK | |||
r-oldrel-macos-x86_64 | 0.7 | 29.00 | OK | |||
r-oldrel-windows-x86_64 | 0.7 | 15.00 | 67.00 | 82.00 | OK |
Version: 0.7
Check: CRAN incoming feasibility
Result: NOTE
Maintainer: ‘Ivan Popivanov <ivan.popivanov@gmail.com>’
No Authors@R field in DESCRIPTION.
Please add one, modifying
Authors@R: person(given = "Ivan",
family = "Popivanov",
role = c("aut", "cre"),
email = "ivan.popivanov@gmail.com")
as necessary.
Flavors: r-devel-linux-x86_64-debian-clang, r-devel-linux-x86_64-debian-gcc
Version: 0.7
Check: compiled code
Result: NOTE
File ‘flock/libs/flock.so’:
Found no calls to: ‘R_registerRoutines’, ‘R_useDynamicSymbols’
It is good practice to register native routines and to disable symbol
search.
See ‘Writing portable packages’ in the ‘Writing R Extensions’ manual.
Flavors: r-devel-linux-x86_64-fedora-clang, r-devel-linux-x86_64-fedora-gcc