CRAN Package Check Results for Package flock

Last updated on 2020-07-10 03:47:18 CEST.

Flavor Version Tinstall Tcheck Ttotal Status Flags
r-devel-linux-x86_64-debian-clang 0.7 19.18 23.68 42.86 OK
r-devel-linux-x86_64-debian-gcc 0.7 13.21 18.94 32.15 OK
r-devel-linux-x86_64-fedora-clang 0.7 63.07 NOTE
r-devel-linux-x86_64-fedora-gcc 0.7 49.97 NOTE
r-devel-windows-ix86+x86_64 0.7 41.00 60.00 101.00 OK
r-patched-linux-x86_64 0.7 14.22 23.36 37.58 OK
r-patched-solaris-x86 0.7 64.90 OK
r-release-linux-x86_64 0.7 14.09 23.63 37.72 OK
r-release-osx-x86_64 0.7 OK
r-release-windows-ix86+x86_64 0.7 51.00 68.00 119.00 OK
r-oldrel-osx-x86_64 0.7 OK
r-oldrel-windows-ix86+x86_64 0.7 52.00 65.00 117.00 OK

Check Details

Version: 0.7
Check: compiled code
Result: NOTE
    File ‘flock/libs/flock.so’:
     Found no calls to: ‘R_registerRoutines’, ‘R_useDynamicSymbols’
    
    It is good practice to register native routines and to disable symbol
    search.
    
    See ‘Writing portable packages’ in the ‘Writing R Extensions’ manual.
Flavors: r-devel-linux-x86_64-fedora-clang, r-devel-linux-x86_64-fedora-gcc