Last updated on 2024-08-16 01:48:18 CEST.
Flavor | Version | Tinstall | Tcheck | Ttotal | Status | Flags |
---|---|---|---|---|---|---|
r-devel-linux-x86_64-debian-clang | 0.3.4 | 36.64 | 56.21 | 92.85 | OK | |
r-devel-linux-x86_64-debian-gcc | 0.3.4 | 31.92 | 43.74 | 75.66 | OK | |
r-devel-linux-x86_64-fedora-clang | 0.3.4 | 151.25 | NOTE | |||
r-devel-linux-x86_64-fedora-gcc | 0.3.4 | 145.89 | OK | |||
r-devel-windows-x86_64 | 0.3.4 | 43.00 | 73.00 | 116.00 | NOTE | |
r-patched-linux-x86_64 | 0.3.4 | 34.37 | 53.21 | 87.58 | OK | |
r-release-linux-x86_64 | 0.3.4 | 36.72 | 53.62 | 90.34 | OK | |
r-release-macos-arm64 | 0.3.4 | 56.00 | NOTE | |||
r-release-macos-x86_64 | 0.3.4 | 77.00 | NOTE | |||
r-release-windows-x86_64 | 0.3.4 | 41.00 | 73.00 | 114.00 | NOTE | |
r-oldrel-macos-arm64 | 0.3.4 | 66.00 | NOTE | |||
r-oldrel-macos-x86_64 | 0.3.4 | 85.00 | NOTE | |||
r-oldrel-windows-x86_64 | 0.3.4 | 51.00 | 83.00 | 134.00 | NOTE |
Version: 0.3.4
Check: installed package size
Result: NOTE
installed size is 7.2Mb
sub-directories of 1Mb or more:
R 7.0Mb
Flavors: r-devel-linux-x86_64-fedora-clang, r-devel-windows-x86_64, r-release-macos-arm64, r-release-macos-x86_64, r-release-windows-x86_64, r-oldrel-macos-arm64, r-oldrel-macos-x86_64, r-oldrel-windows-x86_64