Last updated on 2025-10-24 01:50:26 CEST.
| Flavor | Version | Tinstall | Tcheck | Ttotal | Status | Flags |
|---|---|---|---|---|---|---|
| r-devel-linux-x86_64-debian-clang | 1.0.2 | 3.24 | 22.89 | 26.13 | OK | |
| r-devel-linux-x86_64-debian-gcc | 1.0.2 | 2.71 | 18.46 | 21.17 | OK | |
| r-devel-linux-x86_64-fedora-clang | 1.0.2 | 21.00 | 20.40 | 41.40 | OK | |
| r-devel-linux-x86_64-fedora-gcc | 1.0.2 | 39.12 | OK | |||
| r-devel-windows-x86_64 | 1.0.2 | 10.00 | 69.00 | 79.00 | OK | |
| r-patched-linux-x86_64 | 1.0.2 | 2.96 | 21.89 | 24.85 | OK | |
| r-release-linux-x86_64 | 1.0.2 | 3.07 | 21.75 | 24.82 | OK | |
| r-release-macos-arm64 | 1.0.2 | 10.00 | 18.00 | 28.00 | OK | |
| r-release-macos-x86_64 | 1.0.2 | 12.00 | 28.00 | 40.00 | OK | |
| r-release-windows-x86_64 | 1.0.2 | 11.00 | 72.00 | 83.00 | OK | |
| r-oldrel-macos-arm64 | 1.0.2 | 7.00 | 15.00 | 22.00 | OK | |
| r-oldrel-macos-x86_64 | 1.0.2 | 11.00 | 25.00 | 36.00 | OK | |
| r-oldrel-windows-x86_64 | 1.0.2 | 12.00 | 111.00 | 123.00 | NOTE |
Version: 1.0.2
Check: installed package size
Result: NOTE
installed size is 8.7Mb
sub-directories of 1Mb or more:
libs 8.6Mb
Flavor: r-oldrel-windows-x86_64