Last updated on 2024-04-24 01:52:10 CEST.
Flavor | Version | Tinstall | Tcheck | Ttotal | Status | Flags |
---|---|---|---|---|---|---|
r-devel-linux-x86_64-debian-clang | 0.1.3 | 30.54 | 66.77 | 97.31 | OK | |
r-devel-linux-x86_64-debian-gcc | 0.1.3 | 21.90 | 49.07 | 70.97 | OK | |
r-devel-linux-x86_64-fedora-clang | 0.1.3 | 130.92 | NOTE | |||
r-devel-linux-x86_64-fedora-gcc | 0.1.3 | 136.64 | NOTE | |||
r-prerel-macos-arm64 | 0.1.3 | 35.00 | OK | |||
r-prerel-windows-x86_64 | 0.1.3 | 26.00 | 85.00 | 111.00 | OK | |
r-patched-linux-x86_64 | 0.1.3 | 26.47 | 63.62 | 90.09 | OK | |
r-release-linux-x86_64 | 0.1.3 | 29.27 | 64.98 | 94.25 | OK | |
r-release-macos-arm64 | 0.1.3 | 42.00 | OK | |||
r-release-macos-x86_64 | 0.1.3 | 68.00 | OK | |||
r-release-windows-x86_64 | 0.1.3 | 33.00 | 97.00 | 130.00 | OK | |
r-oldrel-macos-arm64 | 0.1.3 | 33.00 | NOTE | |||
r-oldrel-windows-x86_64 | 0.1.3 | 30.00 | 95.00 | 125.00 | OK |
Version: 0.1.3
Check: dependencies in R code
Result: NOTE
Namespaces in Imports field not imported from:
‘kableExtra’ ‘knitr’ ‘rmarkdown’
All declared Imports should be used.
Flavors: r-devel-linux-x86_64-fedora-clang, r-devel-linux-x86_64-fedora-gcc, r-oldrel-macos-arm64