Last updated on 2023-06-02 01:53:41 CEST.
Flavor | Version | Tinstall | Tcheck | Ttotal | Status | Flags |
---|---|---|---|---|---|---|
r-devel-linux-x86_64-debian-clang | 0.1.0 | 7.56 | 72.38 | 79.94 | NOTE | |
r-devel-linux-x86_64-debian-gcc | 0.1.0 | 5.25 | 54.71 | 59.96 | NOTE | |
r-devel-linux-x86_64-fedora-clang | 0.1.0 | 100.13 | NOTE | |||
r-devel-linux-x86_64-fedora-gcc | 0.1.0 | 305.28 | NOTE | |||
r-devel-windows-x86_64 | 0.1.0 | 9.00 | 72.00 | 81.00 | NOTE | |
r-patched-linux-x86_64 | 0.1.0 | NOTE | ||||
r-release-linux-x86_64 | 0.1.0 | 5.15 | 66.37 | 71.52 | NOTE | |
r-release-macos-arm64 | 0.1.0 | 120.00 | NOTE | |||
r-release-macos-x86_64 | 0.1.0 | 159.00 | NOTE | |||
r-release-windows-x86_64 | 0.1.0 | 10.00 | 86.00 | 96.00 | NOTE | |
r-oldrel-macos-arm64 | 0.1.0 | 109.00 | NOTE | |||
r-oldrel-macos-x86_64 | 0.1.0 | 160.00 | NOTE | |||
r-oldrel-windows-x86_64 | 0.1.0 | 11.00 | 90.00 | 101.00 | NOTE |
Version: 0.1.0
Check: package subdirectories
Result: NOTE
Problems with news in ‘NEWS.md’:
No news entries found.
Flavors: r-devel-linux-x86_64-debian-clang, r-devel-linux-x86_64-debian-gcc, r-devel-linux-x86_64-fedora-clang, r-devel-linux-x86_64-fedora-gcc, r-devel-windows-x86_64, r-patched-linux-x86_64, r-release-linux-x86_64, r-release-macos-arm64, r-release-macos-x86_64, r-release-windows-x86_64
Version: 0.1.0
Check: LazyData
Result: NOTE
'LazyData' is specified without a 'data' directory
Flavors: r-devel-linux-x86_64-debian-clang, r-devel-linux-x86_64-debian-gcc, r-devel-linux-x86_64-fedora-clang, r-devel-linux-x86_64-fedora-gcc, r-devel-windows-x86_64, r-patched-linux-x86_64, r-release-linux-x86_64, r-release-macos-arm64, r-release-macos-x86_64, r-release-windows-x86_64, r-oldrel-macos-arm64, r-oldrel-macos-x86_64, r-oldrel-windows-x86_64
Version: 0.1.0
Check: dependencies in R code
Result: NOTE
Namespace in Imports field not imported from: ‘grid’
All declared Imports should be used.
Flavors: r-devel-linux-x86_64-fedora-clang, r-devel-linux-x86_64-fedora-gcc, r-oldrel-macos-arm64, r-oldrel-macos-x86_64
Version: 0.1.0
Check: package dependencies
Result: NOTE
Package suggested but not available for checking: ‘minet’
Flavors: r-release-macos-x86_64, r-oldrel-macos-arm64