CRAN Package Check Results for Package foodingraph

Last updated on 2020-09-25 01:48:44 CEST.

Flavor Version Tinstall Tcheck Ttotal Status Flags
r-devel-linux-x86_64-debian-clang 0.1.0 7.35 211.03 218.38 OK
r-devel-linux-x86_64-debian-gcc 0.1.0 6.24 166.04 172.28 OK
r-devel-linux-x86_64-fedora-clang 0.1.0 264.39 NOTE
r-devel-linux-x86_64-fedora-gcc 0.1.0 277.59 NOTE
r-devel-windows-ix86+x86_64 0.1.0 17.00 280.00 297.00 OK
r-patched-linux-x86_64 0.1.0 5.53 214.16 219.69 OK
r-patched-solaris-x86 0.1.0 420.00 NOTE
r-release-linux-x86_64 0.1.0 4.92 219.49 224.41 OK
r-release-macos-x86_64 0.1.0 NOTE
r-release-windows-ix86+x86_64 0.1.0 17.00 289.00 306.00 OK
r-oldrel-macos-x86_64 0.1.0 NOTE
r-oldrel-windows-ix86+x86_64 0.1.0 11.00 275.00 286.00 OK

Check Details

Version: 0.1.0
Check: dependencies in R code
Result: NOTE
    Namespace in Imports field not imported from: ‘grid’
     All declared Imports should be used.
Flavors: r-devel-linux-x86_64-fedora-clang, r-devel-linux-x86_64-fedora-gcc, r-patched-solaris-x86, r-release-macos-x86_64, r-oldrel-macos-x86_64