CRAN Package Check Results for Package foodingraph

Last updated on 2024-05-26 01:52:23 CEST.

Flavor Version Tinstall Tcheck Ttotal Status Flags
r-devel-linux-x86_64-debian-clang 0.1.0 10.09 75.67 85.76 NOTE
r-devel-linux-x86_64-debian-gcc 0.1.0 5.53 57.65 63.18 NOTE
r-devel-linux-x86_64-fedora-clang 0.1.0 116.11 NOTE
r-devel-linux-x86_64-fedora-gcc 0.1.0 326.43 NOTE
r-devel-windows-x86_64 0.1.0 8.00 76.00 84.00 NOTE
r-patched-linux-x86_64 0.1.0 16.10 74.10 90.20 NOTE
r-release-linux-x86_64 0.1.0 5.56 73.76 79.32 NOTE
r-release-macos-arm64 0.1.0 98.00 NOTE
r-release-windows-x86_64 0.1.0 8.00 76.00 84.00 NOTE
r-oldrel-macos-arm64 0.1.0 120.00 NOTE
r-oldrel-macos-x86_64 0.1.0 159.00 NOTE
r-oldrel-windows-x86_64 0.1.0 10.00 86.00 96.00 NOTE

Check Details

Version: 0.1.0
Check: package subdirectories
Result: NOTE Problems with news in ‘NEWS.md’: No news entries found. Flavors: r-devel-linux-x86_64-debian-clang, r-devel-linux-x86_64-debian-gcc, r-devel-linux-x86_64-fedora-clang, r-devel-linux-x86_64-fedora-gcc, r-devel-windows-x86_64, r-patched-linux-x86_64, r-release-linux-x86_64, r-release-macos-arm64, r-release-windows-x86_64, r-oldrel-macos-arm64, r-oldrel-macos-x86_64, r-oldrel-windows-x86_64

Version: 0.1.0
Check: LazyData
Result: NOTE 'LazyData' is specified without a 'data' directory Flavors: r-devel-linux-x86_64-debian-clang, r-devel-linux-x86_64-debian-gcc, r-devel-linux-x86_64-fedora-clang, r-devel-linux-x86_64-fedora-gcc, r-devel-windows-x86_64, r-patched-linux-x86_64, r-release-linux-x86_64, r-release-macos-arm64, r-release-windows-x86_64, r-oldrel-macos-arm64, r-oldrel-macos-x86_64, r-oldrel-windows-x86_64

Version: 0.1.0
Check: dependencies in R code
Result: NOTE Namespace in Imports field not imported from: ‘grid’ All declared Imports should be used. Flavors: r-devel-linux-x86_64-fedora-clang, r-devel-linux-x86_64-fedora-gcc

Version: 0.1.0
Check: package dependencies
Result: NOTE Package suggested but not available for checking: ‘minet’ Flavor: r-oldrel-macos-x86_64