Last updated on 2024-04-19 01:58:42 CEST.
Flavor | Version | Tinstall | Tcheck | Ttotal | Status | Flags |
---|---|---|---|---|---|---|
r-devel-linux-x86_64-debian-clang | 1.5.2 | 3.37 | 60.62 | 63.99 | OK | |
r-devel-linux-x86_64-debian-gcc | 1.5.2 | 2.33 | 46.10 | 48.43 | OK | |
r-devel-linux-x86_64-fedora-clang | 1.5.2 | 79.84 | OK | |||
r-devel-linux-x86_64-fedora-gcc | 1.5.2 | 87.47 | OK | |||
r-prerel-macos-arm64 | 1.5.2 | 110.00 | OK | |||
r-prerel-windows-x86_64 | 1.5.2 | 5.00 | 144.00 | 149.00 | NOTE | |
r-patched-linux-x86_64 | 1.5.2 | 2.79 | 58.84 | 61.63 | OK | |
r-release-linux-x86_64 | 1.5.2 | 2.57 | 58.13 | 60.70 | OK | |
r-release-macos-arm64 | 1.5.2 | 111.00 | OK | |||
r-release-macos-x86_64 | 1.5.2 | 122.00 | OK | |||
r-release-windows-x86_64 | 1.5.2 | 5.00 | 152.00 | 157.00 | NOTE | |
r-oldrel-macos-arm64 | 1.5.2 | 105.00 | OK | |||
r-oldrel-windows-x86_64 | 1.5.2 | 5.00 | 154.00 | 159.00 | NOTE |
Version: 1.5.2
Check: package dependencies
Result: NOTE
Package suggested but not available for checking: 'doMC'
Flavors: r-prerel-windows-x86_64, r-release-windows-x86_64, r-oldrel-windows-x86_64