Last updated on 2025-04-15 01:50:32 CEST.
Flavor | Version | Tinstall | Tcheck | Ttotal | Status | Flags |
---|---|---|---|---|---|---|
r-devel-linux-x86_64-debian-clang | 1.0 | 7.58 | 69.61 | 77.19 | NOTE | |
r-devel-linux-x86_64-debian-gcc | 1.0 | 5.32 | 48.62 | 53.94 | NOTE | |
r-devel-linux-x86_64-fedora-clang | 1.0 | 115.75 | OK | |||
r-devel-linux-x86_64-fedora-gcc | 1.0 | 119.42 | OK | |||
r-devel-windows-x86_64 | 1.0 | 9.00 | 80.00 | 89.00 | NOTE | |
r-patched-linux-x86_64 | 1.0 | 8.35 | 65.82 | 74.17 | NOTE | |
r-release-linux-x86_64 | 1.0 | 7.41 | 65.81 | 73.22 | NOTE | |
r-release-macos-arm64 | 1.0 | 93.00 | OK | |||
r-release-macos-x86_64 | 1.0 | 74.00 | OK | |||
r-release-windows-x86_64 | 1.0 | 10.00 | 80.00 | 90.00 | NOTE | |
r-oldrel-macos-arm64 | 1.0 | 34.00 | OK | |||
r-oldrel-macos-x86_64 | 1.0 | 54.00 | OK | |||
r-oldrel-windows-x86_64 | 1.0 | 12.00 | 99.00 | 111.00 | OK |
Version: 1.0
Check: Rd cross-references
Result: NOTE
Found the following Rd file(s) with Rd \link{} targets missing package
anchors:
analyze.windanomaly.Rd: lpacf.plot
forecastlpacf.Rd: lpacf
Please provide package anchors for all Rd \link{} targets not in the
package itself and the base packages.
Flavors: r-devel-linux-x86_64-debian-clang, r-devel-linux-x86_64-debian-gcc, r-devel-windows-x86_64, r-patched-linux-x86_64, r-release-linux-x86_64, r-release-windows-x86_64