Last updated on 2025-05-20 01:48:45 CEST.
Flavor | Version | Tinstall | Tcheck | Ttotal | Status | Flags |
---|---|---|---|---|---|---|
r-devel-linux-x86_64-debian-clang | 2.0.4 | 2.51 | 37.44 | 39.95 | OK | |
r-devel-linux-x86_64-debian-gcc | 2.0.4 | 2.15 | 26.98 | 29.13 | OK | |
r-devel-linux-x86_64-fedora-clang | 2.0.4 | 61.36 | NOTE | |||
r-devel-linux-x86_64-fedora-gcc | 2.0.4 | 60.03 | NOTE | |||
r-devel-windows-x86_64 | 2.0.4 | 4.00 | 75.00 | 79.00 | OK | |
r-patched-linux-x86_64 | 2.0.4 | 3.28 | 35.04 | 38.32 | OK | |
r-release-linux-x86_64 | 2.0.4 | 2.80 | 34.91 | 37.71 | OK | |
r-release-macos-arm64 | 2.0.4 | 24.00 | OK | |||
r-release-macos-x86_64 | 2.0.4 | 60.00 | OK | |||
r-release-windows-x86_64 | 2.0.4 | 5.00 | 77.00 | 82.00 | OK | |
r-oldrel-macos-arm64 | 2.0.4 | 23.00 | OK | |||
r-oldrel-macos-x86_64 | 2.0.4 | 35.00 | OK | |||
r-oldrel-windows-x86_64 | 2.0.4 | 5.00 | 68.00 | 73.00 | OK |
Version: 2.0.4
Check: dependencies in R code
Result: NOTE
Namespaces in Imports field not imported from:
‘spatstat’ ‘spatstat.data’
All declared Imports should be used.
Flavors: r-devel-linux-x86_64-fedora-clang, r-devel-linux-x86_64-fedora-gcc