Last updated on 2022-07-01 01:49:31 CEST.
Flavor | Version | Tinstall | Tcheck | Ttotal | Status | Flags |
---|---|---|---|---|---|---|
r-devel-linux-x86_64-debian-clang | 2.0.1 | 5.00 | 69.32 | 74.32 | NOTE | |
r-devel-linux-x86_64-debian-gcc | 2.0.1 | 3.93 | 51.21 | 55.14 | NOTE | |
r-devel-linux-x86_64-fedora-clang | 2.0.1 | 95.23 | NOTE | |||
r-devel-linux-x86_64-fedora-gcc | 2.0.1 | 94.99 | NOTE | |||
r-devel-windows-x86_64 | 2.0.1 | 84.00 | 108.00 | 192.00 | NOTE | |
r-patched-linux-x86_64 | 2.0.1 | 7.13 | 64.11 | 71.24 | OK | |
r-release-linux-x86_64 | 2.0.1 | 4.42 | 63.74 | 68.16 | OK | |
r-release-macos-arm64 | 2.0.1 | 30.00 | OK | |||
r-release-macos-x86_64 | 2.0.1 | 45.00 | OK | |||
r-release-windows-x86_64 | 2.0.1 | 71.00 | 96.00 | 167.00 | OK | |
r-oldrel-macos-arm64 | 2.0.1 | 40.00 | OK | |||
r-oldrel-macos-x86_64 | 2.0.1 | 39.00 | OK | |||
r-oldrel-windows-ix86+x86_64 | 2.0.1 | 11.00 | 86.00 | 97.00 | OK |
Version: 2.0.1
Check: Rd files
Result: NOTE
checkRd: (-1) fpColors.Rd:59: Escaped LaTeX specials: \&
Flavors: r-devel-linux-x86_64-debian-clang, r-devel-linux-x86_64-debian-gcc, r-devel-linux-x86_64-fedora-clang, r-devel-linux-x86_64-fedora-gcc, r-devel-windows-x86_64