Last updated on 2024-04-19 01:58:42 CEST.
Flavor | Version | Tinstall | Tcheck | Ttotal | Status | Flags |
---|---|---|---|---|---|---|
r-devel-linux-x86_64-debian-clang | 2.0.2 | 3.81 | 38.72 | 42.53 | NOTE | |
r-devel-linux-x86_64-debian-gcc | 2.0.2 | 3.47 | 30.14 | 33.61 | NOTE | |
r-devel-linux-x86_64-fedora-clang | 2.0.2 | 55.23 | NOTE | |||
r-devel-linux-x86_64-fedora-gcc | 2.0.2 | 50.27 | NOTE | |||
r-prerel-macos-arm64 | 2.0.2 | 21.00 | NOTE | |||
r-prerel-windows-x86_64 | 2.0.2 | 7.00 | 58.00 | 65.00 | NOTE | |
r-patched-linux-x86_64 | 2.0.2 | 5.24 | 36.98 | 42.22 | NOTE | |
r-release-linux-x86_64 | 2.0.2 | 3.83 | 36.97 | 40.80 | OK | |
r-release-macos-arm64 | 2.0.2 | 23.00 | OK | |||
r-release-macos-x86_64 | 2.0.2 | 32.00 | OK | |||
r-release-windows-x86_64 | 2.0.2 | 8.00 | 61.00 | 69.00 | OK | |
r-oldrel-macos-arm64 | 2.0.2 | 22.00 | NOTE | |||
r-oldrel-windows-x86_64 | 2.0.2 | 7.00 | 61.00 | 68.00 | OK |
Version: 2.0.2
Check: Rd files
Result: NOTE
checkRd: (-1) process_pcl.Rd:28: Lost braces; missing escapes or markup?
28 | \item{pavd}{logical input to include Plant Area Volume Density Plot from {plot_pavd},
| ^
Flavors: r-devel-linux-x86_64-debian-clang, r-devel-linux-x86_64-debian-gcc, r-devel-linux-x86_64-fedora-clang, r-devel-linux-x86_64-fedora-gcc, r-prerel-macos-arm64, r-prerel-windows-x86_64, r-patched-linux-x86_64
Version: 2.0.2
Check: dependencies in R code
Result: NOTE
Namespaces in Imports field not imported from:
‘tibble’ ‘viridis’
All declared Imports should be used.
Flavors: r-devel-linux-x86_64-fedora-clang, r-devel-linux-x86_64-fedora-gcc, r-oldrel-macos-arm64