CRAN Package Check Results for Package forestr

Last updated on 2020-09-20 01:50:07 CEST.

Flavor Version Tinstall Tcheck Ttotal Status Flags
r-devel-linux-x86_64-debian-clang 2.0.2 3.54 35.10 38.64 OK
r-devel-linux-x86_64-debian-gcc 2.0.2 3.49 27.52 31.01 OK
r-devel-linux-x86_64-fedora-clang 2.0.2 56.19 NOTE
r-devel-linux-x86_64-fedora-gcc 2.0.2 46.47 NOTE
r-devel-windows-ix86+x86_64 2.0.2 9.00 44.00 53.00 OK
r-patched-linux-x86_64 2.0.2 4.12 34.11 38.23 OK
r-patched-solaris-x86 2.0.2 68.40 NOTE
r-release-linux-x86_64 2.0.2 4.36 33.49 37.85 OK
r-release-macos-x86_64 2.0.2 NOTE
r-release-windows-ix86+x86_64 2.0.2 10.00 55.00 65.00 OK
r-oldrel-macos-x86_64 2.0.2 NOTE
r-oldrel-windows-ix86+x86_64 2.0.2 6.00 52.00 58.00 OK

Check Details

Version: 2.0.2
Check: dependencies in R code
Result: NOTE
    Namespaces in Imports field not imported from:
     ‘tibble’ ‘viridis’
     All declared Imports should be used.
Flavors: r-devel-linux-x86_64-fedora-clang, r-devel-linux-x86_64-fedora-gcc, r-patched-solaris-x86, r-release-macos-x86_64, r-oldrel-macos-x86_64