Last updated on 2023-05-31 01:57:14 CEST.
Flavor | Version | Tinstall | Tcheck | Ttotal | Status | Flags |
---|---|---|---|---|---|---|
r-devel-linux-x86_64-debian-clang | 2.0.2 | 4.29 | 38.12 | 42.41 | OK | |
r-devel-linux-x86_64-debian-gcc | 2.0.2 | 3.95 | 29.49 | 33.44 | OK | |
r-devel-linux-x86_64-fedora-clang | 2.0.2 | 53.63 | NOTE | |||
r-devel-linux-x86_64-fedora-gcc | 2.0.2 | 50.47 | NOTE | |||
r-devel-windows-x86_64 | 2.0.2 | 8.00 | 59.00 | 67.00 | OK | |
r-patched-linux-x86_64 | 2.0.2 | 4.73 | 36.68 | 41.41 | OK | |
r-release-linux-x86_64 | 2.0.2 | 4.92 | 36.89 | 41.81 | OK | |
r-release-macos-arm64 | 2.0.2 | 23.00 | OK | |||
r-release-macos-x86_64 | 2.0.2 | 32.00 | OK | |||
r-release-windows-x86_64 | 2.0.2 | 7.00 | 64.00 | 71.00 | OK | |
r-oldrel-macos-arm64 | 2.0.2 | 22.00 | NOTE | |||
r-oldrel-macos-x86_64 | 2.0.2 | 41.00 | NOTE | |||
r-oldrel-windows-x86_64 | 2.0.2 | 8.00 | 63.00 | 71.00 | OK |
Version: 2.0.2
Check: dependencies in R code
Result: NOTE
Namespaces in Imports field not imported from:
‘tibble’ ‘viridis’
All declared Imports should be used.
Flavors: r-devel-linux-x86_64-fedora-clang, r-devel-linux-x86_64-fedora-gcc, r-oldrel-macos-arm64, r-oldrel-macos-x86_64