Last updated on 2022-07-02 01:48:56 CEST.
Flavor | Version | Tinstall | Tcheck | Ttotal | Status | Flags |
---|---|---|---|---|---|---|
r-devel-linux-x86_64-debian-clang | 1.0.0 | 42.97 | 90.15 | 133.12 | OK | |
r-devel-linux-x86_64-debian-gcc | 1.0.0 | 27.89 | 60.65 | 88.54 | OK | |
r-devel-linux-x86_64-fedora-clang | 1.0.0 | 164.49 | OK | |||
r-devel-linux-x86_64-fedora-gcc | 1.0.0 | 147.13 | OK | |||
r-devel-windows-x86_64 | 1.0.0 | 45.00 | 134.00 | 179.00 | OK | |
r-patched-linux-x86_64 | 1.0.0 | 29.31 | 77.02 | 106.33 | OK | |
r-release-linux-x86_64 | 1.0.0 | 30.43 | 76.38 | 106.81 | OK | |
r-release-macos-arm64 | 1.0.0 | 50.00 | OK | |||
r-release-macos-x86_64 | 1.0.0 | 70.00 | NOTE | |||
r-release-windows-x86_64 | 1.0.0 | 46.00 | 140.00 | 186.00 | OK | |
r-oldrel-macos-arm64 | 1.0.0 | 63.00 | OK | |||
r-oldrel-macos-x86_64 | 1.0.0 | 79.00 | OK | |||
r-oldrel-windows-ix86+x86_64 | 1.0.0 | 79.00 | 127.00 | 206.00 | OK |
Version: 1.0.0
Check: package dependencies
Result: NOTE
Package suggested but not available for checking: ‘pdftools’
Flavor: r-release-macos-x86_64