Last updated on 2024-03-28 01:53:57 CET.
Flavor | Version | Tinstall | Tcheck | Ttotal | Status | Flags |
---|---|---|---|---|---|---|
r-devel-linux-x86_64-debian-clang | 1.1.0 | 36.39 | 70.18 | 106.57 | NOTE | |
r-devel-linux-x86_64-debian-gcc | 1.1.0 | 27.77 | 51.06 | 78.83 | NOTE | |
r-devel-linux-x86_64-fedora-clang | 1.1.0 | 160.28 | NOTE | |||
r-devel-linux-x86_64-fedora-gcc | 1.1.0 | 158.75 | NOTE | |||
r-devel-windows-x86_64 | 1.1.0 | 31.00 | 86.00 | 117.00 | NOTE | |
r-patched-linux-x86_64 | 1.1.0 | 36.84 | 63.55 | 100.39 | OK | |
r-release-linux-x86_64 | 1.1.0 | 32.13 | 64.26 | 96.39 | OK | |
r-release-macos-arm64 | 1.1.0 | 43.00 | OK | |||
r-release-macos-x86_64 | 1.1.0 | 114.00 | OK | |||
r-release-windows-x86_64 | 1.1.0 | 41.00 | 100.00 | 141.00 | OK | |
r-oldrel-macos-arm64 | 1.1.0 | 43.00 | OK | |||
r-oldrel-windows-x86_64 | 1.1.0 | 36.00 | 96.00 | 132.00 | OK |
Version: 1.1.0
Check: Rd files
Result: NOTE
checkRd: (-1) plot_lines.Rd:66: Lost braces
66 | moderator. By default it is equal to \8code{c(19, 17, 15, 8, 5, 4, 3, 1)}.}
| ^
Flavors: r-devel-linux-x86_64-debian-clang, r-devel-linux-x86_64-debian-gcc, r-devel-linux-x86_64-fedora-clang, r-devel-linux-x86_64-fedora-gcc, r-devel-windows-x86_64