CRAN Package Check Results for Package fpp3

Last updated on 2022-01-17 01:48:22 CET.

Flavor Version Tinstall Tcheck Ttotal Status Flags
r-devel-linux-x86_64-debian-clang 0.4.0 7.85 76.67 84.52 OK
r-devel-linux-x86_64-debian-gcc 0.4.0 6.52 58.57 65.09 OK
r-devel-linux-x86_64-fedora-clang 0.4.0 102.58 NOTE
r-devel-linux-x86_64-fedora-gcc 0.4.0 90.53 NOTE
r-devel-windows-x86_64-new-UL 0.4.0 14.00 95.00 109.00 OK
r-devel-windows-x86_64-new-TK 0.4.0 NOTE
r-patched-linux-x86_64 0.4.0 7.93 72.91 80.84 OK
r-release-linux-x86_64 0.4.0 OK
r-release-macos-arm64 0.4.0 NOTE
r-release-macos-x86_64 0.4.0 NOTE
r-release-windows-ix86+x86_64 0.4.0 20.00 88.00 108.00 OK
r-oldrel-macos-x86_64 0.4.0 NOTE
r-oldrel-windows-ix86+x86_64 0.4.0 21.00 90.00 111.00 OK

Check Details

Version: 0.4.0
Check: dependencies in R code
Result: NOTE
    Namespaces in Imports field not imported from:
     ‘dplyr’ ‘fable’ ‘fabletools’ ‘feasts’ ‘ggplot2’ ‘lubridate’ ‘tibble’
     ‘tidyr’ ‘tsibble’ ‘tsibbledata’ ‘urca’
     All declared Imports should be used.
Flavors: r-devel-linux-x86_64-fedora-clang, r-devel-linux-x86_64-fedora-gcc, r-devel-windows-x86_64-new-TK, r-release-macos-arm64, r-release-macos-x86_64, r-oldrel-macos-x86_64