CRAN Package Check Results for Package fractaldim

Last updated on 2022-10-01 01:49:04 CEST.

Flavor Version Tinstall Tcheck Ttotal Status Flags
r-devel-linux-x86_64-debian-clang 0.8-5 3.35 33.88 37.23 NOTE
r-devel-linux-x86_64-debian-gcc 0.8-5 2.14 26.18 28.32 NOTE
r-devel-linux-x86_64-fedora-clang 0.8-5 60.49 NOTE
r-devel-linux-x86_64-fedora-gcc 0.8-5 60.53 NOTE
r-devel-windows-x86_64 0.8-5 34.00 71.00 105.00 OK
r-patched-linux-x86_64 0.8-5 4.49 31.92 36.41 NOTE
r-release-linux-x86_64 0.8-5 2.86 31.53 34.39 NOTE
r-release-macos-arm64 0.8-5 23.00 OK
r-release-macos-x86_64 0.8-5 29.00 OK
r-release-windows-x86_64 0.8-5 46.00 68.00 114.00 OK
r-oldrel-macos-arm64 0.8-5 32.00 OK
r-oldrel-macos-x86_64 0.8-5 30.00 OK
r-oldrel-windows-ix86+x86_64 0.8-5 15.00 59.00 74.00 OK

Check Details

Version: 0.8-5
Check: package dependencies
Result: NOTE
    Package suggested but not available for checking: 'RandomFields'
Flavors: r-devel-linux-x86_64-debian-clang, r-devel-linux-x86_64-debian-gcc, r-devel-linux-x86_64-fedora-clang, r-devel-linux-x86_64-fedora-gcc, r-patched-linux-x86_64, r-release-linux-x86_64