Last updated on 2024-03-28 01:53:57 CET.
Flavor | Version | Tinstall | Tcheck | Ttotal | Status | Flags |
---|---|---|---|---|---|---|
r-devel-linux-x86_64-debian-clang | 3.6.0 | 322.75 | 351.55 | 674.30 | OK | |
r-devel-linux-x86_64-debian-gcc | 3.6.0 | 254.36 | 245.36 | 499.72 | OK | |
r-devel-linux-x86_64-fedora-clang | 3.6.0 | 204.44 | ERROR | |||
r-devel-linux-x86_64-fedora-gcc | 3.6.0 | 901.45 | OK | |||
r-devel-windows-x86_64 | 3.6.0 | 274.00 | 241.00 | 515.00 | NOTE | |
r-patched-linux-x86_64 | 3.6.0 | 218.29 | 335.11 | 553.40 | OK | |
r-release-linux-x86_64 | 3.6.0 | 298.73 | 328.30 | 627.03 | OK | |
r-release-macos-arm64 | 3.6.0 | 241.00 | NOTE | |||
r-release-macos-x86_64 | 3.6.0 | 22.00 | ERROR | |||
r-release-windows-x86_64 | 3.6.0 | 213.00 | 273.00 | 486.00 | NOTE | |
r-oldrel-macos-arm64 | 3.6.0 | 255.00 | NOTE | |||
r-oldrel-windows-x86_64 | 3.6.0 | 328.00 | 278.00 | 606.00 | NOTE |
Version: 3.6.0
Check: whether package can be installed
Result: ERROR
Installation failed.
Flavors: r-devel-linux-x86_64-fedora-clang, r-release-macos-x86_64
Version: 3.6.0
Check: installed package size
Result: NOTE
installed size is 9.1Mb
sub-directories of 1Mb or more:
R 1.3Mb
help 2.7Mb
libs 3.6Mb
Flavors: r-devel-windows-x86_64, r-release-macos-arm64, r-release-windows-x86_64, r-oldrel-macos-arm64, r-oldrel-windows-x86_64