Last updated on 2024-04-18 01:55:16 CEST.
Flavor | Version | Tinstall | Tcheck | Ttotal | Status | Flags |
---|---|---|---|---|---|---|
r-devel-linux-x86_64-debian-clang | 1.0.1 | 10.80 | 163.84 | 174.64 | OK | |
r-devel-linux-x86_64-debian-gcc | 1.0.1 | 4.99 | 123.74 | 128.73 | OK | |
r-devel-linux-x86_64-fedora-clang | 1.0.1 | 214.20 | OK | |||
r-devel-linux-x86_64-fedora-gcc | 1.0.1 | 209.38 | OK | |||
r-prerel-macos-arm64 | 1.0.1 | 62.00 | OK | |||
r-prerel-windows-x86_64 | 1.0.1 | 9.00 | 136.00 | 145.00 | OK | |
r-patched-linux-x86_64 | 1.0.1 | 13.73 | 158.64 | 172.37 | OK | |
r-release-linux-x86_64 | 1.0.1 | 7.70 | 163.58 | 171.28 | OK | |
r-release-macos-arm64 | 1.0.1 | 75.00 | OK | |||
r-release-macos-x86_64 | 1.0.1 | 111.00 | NOTE | |||
r-release-windows-x86_64 | 1.0.1 | 11.00 | 168.00 | 179.00 | OK | |
r-oldrel-macos-arm64 | 1.0.1 | 46.00 | OK | |||
r-oldrel-windows-x86_64 | 1.0.1 | 11.00 | 168.00 | 179.00 | OK |
Version: 1.0.1
Check: package dependencies
Result: NOTE
Package suggested but not available for checking: ‘MARSS’
Flavor: r-release-macos-x86_64