Last updated on 2022-05-21 02:50:44 CEST.
Flavor | Version | Tinstall | Tcheck | Ttotal | Status | Flags |
---|---|---|---|---|---|---|
r-devel-linux-x86_64-debian-clang | 1.5.2 | 64.59 | 57.31 | 121.90 | NOTE | |
r-devel-linux-x86_64-debian-gcc | 1.5.2 | 46.76 | 48.52 | 95.28 | NOTE | |
r-devel-linux-x86_64-fedora-clang | 1.5.2 | 169.15 | NOTE | |||
r-devel-linux-x86_64-fedora-gcc | 1.5.2 | 170.63 | NOTE | |||
r-devel-windows-x86_64 | 1.5.2 | 187.00 | 92.00 | 279.00 | NOTE | |
r-patched-linux-x86_64 | 1.5.2 | 55.30 | 60.63 | 115.93 | NOTE | |
r-release-linux-x86_64 | 1.5.2 | 55.36 | 59.26 | 114.62 | NOTE | |
r-release-macos-arm64 | 1.5.2 | 84.00 | NOTE | |||
r-release-macos-x86_64 | 1.5.2 | 140.00 | NOTE | |||
r-release-windows-x86_64 | 1.5.2 | 171.00 | 98.00 | 269.00 | NOTE | |
r-oldrel-macos-arm64 | 1.5.2 | 88.00 | NOTE | |||
r-oldrel-macos-x86_64 | 1.5.2 | 153.00 | NOTE | |||
r-oldrel-windows-ix86+x86_64 | 1.5.2 | 154.00 | 98.00 | 252.00 | NOTE |
Version: 1.5.2
Check: for GNU extensions in Makefiles
Result: NOTE
GNU make is a SystemRequirements.
Flavors: r-devel-linux-x86_64-debian-clang, r-devel-linux-x86_64-debian-gcc, r-devel-linux-x86_64-fedora-clang, r-devel-linux-x86_64-fedora-gcc, r-devel-windows-x86_64, r-patched-linux-x86_64, r-release-linux-x86_64, r-release-macos-arm64, r-release-macos-x86_64, r-release-windows-x86_64, r-oldrel-macos-arm64, r-oldrel-macos-x86_64, r-oldrel-windows-ix86+x86_64