CRAN Package Check Results for Package fssemR

Last updated on 2022-05-16 02:51:02 CEST.

Flavor Version Tinstall Tcheck Ttotal Status Flags
r-devel-linux-x86_64-debian-clang 0.1.8 49.70 165.66 215.36 OK
r-devel-linux-x86_64-debian-gcc 0.1.8 41.31 121.72 163.03 OK
r-devel-linux-x86_64-fedora-clang 0.1.8 285.82 NOTE
r-devel-linux-x86_64-fedora-gcc 0.1.8 257.92 NOTE
r-devel-windows-x86_64 0.1.8 47.00 201.00 248.00 OK
r-patched-linux-x86_64 0.1.8 46.92 159.19 206.11 OK
r-release-linux-x86_64 0.1.8 44.76 157.40 202.16 OK
r-release-macos-arm64 0.1.8 69.00 NOTE
r-release-macos-x86_64 0.1.8 90.00 NOTE
r-release-windows-x86_64 0.1.8 49.00 204.00 253.00 OK
r-oldrel-macos-arm64 0.1.8 58.00 NOTE
r-oldrel-macos-x86_64 0.1.8 86.00 NOTE
r-oldrel-windows-ix86+x86_64 0.1.8 98.00 247.00 345.00 OK

Check Details

Version: 0.1.8
Check: installed package size
Result: NOTE
     installed size is 12.4Mb
     sub-directories of 1Mb or more:
     libs 11.7Mb
Flavors: r-devel-linux-x86_64-fedora-clang, r-release-macos-arm64, r-release-macos-x86_64, r-oldrel-macos-arm64, r-oldrel-macos-x86_64

Version: 0.1.8
Check: dependencies in R code
Result: NOTE
    Namespace in Imports field not imported from: ‘qpdf’
     All declared Imports should be used.
Flavors: r-devel-linux-x86_64-fedora-clang, r-devel-linux-x86_64-fedora-gcc, r-release-macos-arm64, r-release-macos-x86_64, r-oldrel-macos-arm64, r-oldrel-macos-x86_64