Last updated on 2022-06-28 01:51:32 CEST.
Flavor | Version | Tinstall | Tcheck | Ttotal | Status | Flags |
---|---|---|---|---|---|---|
r-devel-linux-x86_64-debian-clang | 6.1 | 28.48 | 296.17 | 324.65 | NOTE | |
r-devel-linux-x86_64-debian-gcc | 6.1 | 28.21 | 218.11 | 246.32 | NOTE | |
r-devel-linux-x86_64-fedora-clang | 6.1 | 398.05 | NOTE | |||
r-devel-linux-x86_64-fedora-gcc | 6.1 | 417.98 | NOTE | |||
r-devel-windows-x86_64 | 6.1 | 70.00 | 381.00 | 451.00 | NOTE | |
r-patched-linux-x86_64 | 6.1 | 39.53 | 275.55 | 315.08 | OK | |
r-release-linux-x86_64 | 6.1 | 30.27 | 281.23 | 311.50 | OK | |
r-release-macos-arm64 | 6.1 | 107.00 | OK | |||
r-release-macos-x86_64 | 6.1 | 177.00 | NOTE | |||
r-release-windows-x86_64 | 6.1 | 64.00 | 373.00 | 437.00 | OK | |
r-oldrel-macos-arm64 | 6.1 | 108.00 | OK | |||
r-oldrel-macos-x86_64 | 6.1 | 155.00 | OK | |||
r-oldrel-windows-ix86+x86_64 | 6.1 | 66.00 | 342.00 | 408.00 | OK |
Version: 6.1
Check: Rd files
Result: NOTE
checkRd: (-1) mean.fts.Rd:37: Escaped LaTeX specials: \&
checkRd: (-1) median.fts.Rd:41: Escaped LaTeX specials: \&
checkRd: (-1) plot.fm.Rd:38: Escaped LaTeX specials: \&
checkRd: (-1) residuals.fm.Rd:21: Escaped LaTeX specials: \&
checkRd: (-1) sd.fts.Rd:42: Escaped LaTeX specials: \&
checkRd: (-1) var.fts.Rd:38: Escaped LaTeX specials: \&
Flavors: r-devel-linux-x86_64-debian-clang, r-devel-linux-x86_64-debian-gcc, r-devel-linux-x86_64-fedora-clang, r-devel-linux-x86_64-fedora-gcc, r-devel-windows-x86_64
Version: 6.1
Check: package dependencies
Result: NOTE
Package suggested but not available for checking: ‘R2jags’
Flavor: r-release-macos-x86_64