Last updated on 2025-04-29 01:49:33 CEST.
Flavor | Version | Tinstall | Tcheck | Ttotal | Status | Flags |
---|---|---|---|---|---|---|
r-devel-linux-x86_64-debian-clang | 0.1.0 | 1.91 | 33.57 | 35.48 | NOTE | |
r-devel-linux-x86_64-debian-gcc | 0.1.0 | 1.52 | 28.28 | 29.80 | NOTE | |
r-devel-linux-x86_64-fedora-clang | 0.1.0 | 59.90 | NOTE | |||
r-devel-linux-x86_64-fedora-gcc | 0.1.0 | 68.62 | NOTE | |||
r-devel-windows-x86_64 | 0.1.0 | 3.00 | 55.00 | 58.00 | NOTE | |
r-patched-linux-x86_64 | 0.1.0 | 1.91 | 32.74 | 34.65 | NOTE | |
r-release-linux-x86_64 | 0.1.0 | 1.95 | 32.56 | 34.51 | NOTE | |
r-release-macos-arm64 | 0.1.0 | 32.00 | NOTE | |||
r-release-macos-x86_64 | 0.1.0 | 57.00 | NOTE | |||
r-release-windows-x86_64 | 0.1.0 | 3.00 | 54.00 | 57.00 | NOTE | |
r-oldrel-macos-arm64 | 0.1.0 | 46.00 | OK | |||
r-oldrel-macos-x86_64 | 0.1.0 | 98.00 | OK | |||
r-oldrel-windows-x86_64 | 0.1.0 | 4.00 | 61.00 | 65.00 | OK |
Version: 0.1.0
Check: DESCRIPTION meta-information
Result: NOTE
Missing dependency on R >= 4.1.0 because package code uses the pipe
|> or function shorthand \(...) syntax added in R 4.1.0.
File(s) using such syntax:
‘find_connected_components.R’
Flavors: r-devel-linux-x86_64-debian-clang, r-devel-linux-x86_64-fedora-clang, r-devel-linux-x86_64-fedora-gcc, r-devel-windows-x86_64, r-patched-linux-x86_64, r-release-linux-x86_64, r-release-macos-arm64, r-release-macos-x86_64, r-release-windows-x86_64
Version: 0.1.0
Check: DESCRIPTION meta-information
Result: NOTE
Author field differs from that derived from Authors@R
Author: ‘Paula Weidemueller [aut, cre, cph] (<https://orcid.org/0000-0003-3867-3131>, @PaulaH_W), Constantin Ahlmann-Eltze [aut] (<https://orcid.org/0000-0002-3762-068X>, @const_ae)’
Authors@R: ‘Paula Weidemueller [aut, cre, cph] (ORCID: <https://orcid.org/0000-0003-3867-3131>, Twitter: @PaulaH_W), Constantin Ahlmann-Eltze [aut] (ORCID: <https://orcid.org/0000-0002-3762-068X>, Twitter: @const_ae)’
Missing dependency on R >= 4.1.0 because package code uses the pipe
|> or function shorthand \(...) syntax added in R 4.1.0.
File(s) using such syntax:
‘find_connected_components.R’
Flavor: r-devel-linux-x86_64-debian-gcc