Last updated on 2024-07-18 01:55:31 CEST.
Flavor | Version | Tinstall | Tcheck | Ttotal | Status | Flags |
---|---|---|---|---|---|---|
r-devel-linux-x86_64-debian-clang | 1.2 | 10.77 | 84.88 | 95.65 | OK | |
r-devel-linux-x86_64-debian-gcc | 1.2 | 8.29 | 62.58 | 70.87 | OK | |
r-devel-linux-x86_64-fedora-clang | 1.2 | 116.69 | NOTE | |||
r-devel-linux-x86_64-fedora-gcc | 1.2 | 108.03 | NOTE | |||
r-devel-windows-x86_64 | 1.2 | 9.00 | 82.00 | 91.00 | OK | |
r-patched-linux-x86_64 | 1.2 | 5.87 | 78.13 | 84.00 | OK | |
r-release-linux-x86_64 | 1.2 | 8.93 | 80.23 | 89.16 | OK | |
r-release-macos-arm64 | 1.2 | 36.00 | OK | |||
r-release-macos-x86_64 | 1.2 | 52.00 | OK | |||
r-release-windows-x86_64 | 1.2 | 10.00 | 85.00 | 95.00 | OK | |
r-oldrel-macos-arm64 | 1.2 | 39.00 | OK | |||
r-oldrel-macos-x86_64 | 1.2 | 62.00 | OK | |||
r-oldrel-windows-x86_64 | 1.2 | 13.00 | 91.00 | 104.00 | OK |
Version: 1.2
Check: data for non-ASCII characters
Result: NOTE
Note: found 120 marked UTF-8 strings
Flavors: r-devel-linux-x86_64-fedora-clang, r-devel-linux-x86_64-fedora-gcc