Last updated on 2025-11-12 02:52:57 CET.
| Flavor | Version | Tinstall | Tcheck | Ttotal | Status | Flags |
|---|---|---|---|---|---|---|
| r-devel-linux-x86_64-debian-clang | 1.0.2 | 13.51 | 331.00 | 344.51 | NOTE | |
| r-devel-linux-x86_64-debian-gcc | 1.0.2 | 10.49 | 236.26 | 246.75 | NOTE | |
| r-devel-linux-x86_64-fedora-clang | 1.0.2 | 32.00 | 533.64 | 565.64 | OK | |
| r-devel-linux-x86_64-fedora-gcc | 1.0.2 | 27.00 | 523.53 | 550.53 | OK | |
| r-devel-windows-x86_64 | 1.0.2 | 16.00 | 375.00 | 391.00 | OK | |
| r-patched-linux-x86_64 | 1.0.2 | 13.54 | 320.48 | 334.02 | OK | |
| r-release-linux-x86_64 | 1.0.2 | 13.55 | 318.70 | 332.25 | OK | |
| r-release-macos-arm64 | 1.0.2 | 6.00 | 175.00 | 181.00 | OK | |
| r-release-macos-x86_64 | 1.0.2 | 9.00 | 377.00 | 386.00 | OK | |
| r-release-windows-x86_64 | 1.0.2 | 14.00 | 361.00 | 375.00 | OK | |
| r-oldrel-macos-arm64 | 1.0.2 | 6.00 | 164.00 | 170.00 | OK | |
| r-oldrel-macos-x86_64 | 1.0.2 | 8.00 | 281.00 | 289.00 | OK | |
| r-oldrel-windows-x86_64 | 1.0.2 | 21.00 | 464.00 | 485.00 | OK |
Version: 1.0.2
Check: CRAN incoming feasibility
Result: NOTE
Maintainer: ‘John J. Dziak <dziakj1@gmail.com>’
The Description field contains
Piper & Li (2021) <arXiv:2112.03960>. The model is similar to that of
Please refer to arXiv e-prints via their arXiv DOI <doi:10.48550/arXiv.YYMM.NNNNN>.
Flavors: r-devel-linux-x86_64-debian-clang, r-devel-linux-x86_64-debian-gcc