CRAN Package Check Results for Package funprog

Last updated on 2025-04-16 02:50:31 CEST.

Flavor Version Tinstall Tcheck Ttotal Status Flags
r-devel-linux-x86_64-debian-clang 0.3.0 1.69 20.02 21.71 OK
r-devel-linux-x86_64-debian-gcc 0.3.0 1.49 16.14 17.63 OK
r-devel-linux-x86_64-fedora-clang 0.3.0 34.16 OK
r-devel-linux-x86_64-fedora-gcc 0.3.0 32.44 OK
r-devel-windows-x86_64 0.3.0 2.00 44.00 46.00 OK
r-patched-linux-x86_64 0.3.0 1.76 19.45 21.21 OK
r-release-linux-x86_64 0.3.0 1.58 19.30 20.88 OK
r-release-macos-arm64 0.3.0 17.00 OK
r-release-macos-x86_64 0.3.0 30.00 OK
r-release-windows-x86_64 0.3.0 2.00 42.00 44.00 OK
r-oldrel-macos-arm64 0.3.0 16.00 NOTE
r-oldrel-macos-x86_64 0.3.0 24.00 NOTE
r-oldrel-windows-x86_64 0.3.0 3.00 43.00 46.00 NOTE

Check Details

Version: 0.3.0
Check: LazyData
Result: NOTE 'LazyData' is specified without a 'data' directory Flavors: r-oldrel-macos-arm64, r-oldrel-macos-x86_64, r-oldrel-windows-x86_64