Last updated on 2025-05-23 02:50:50 CEST.
Flavor | Version | Tinstall | Tcheck | Ttotal | Status | Flags |
---|---|---|---|---|---|---|
r-devel-linux-x86_64-debian-clang | 0.3.0 | 1.69 | 21.58 | 23.27 | OK | |
r-devel-linux-x86_64-debian-gcc | 0.3.0 | 1.38 | 17.47 | 18.85 | OK | |
r-devel-linux-x86_64-fedora-clang | 0.3.0 | 33.87 | OK | |||
r-devel-linux-x86_64-fedora-gcc | 0.3.0 | 32.46 | OK | |||
r-devel-windows-x86_64 | 0.3.0 | 2.00 | 83.00 | 85.00 | OK | |
r-patched-linux-x86_64 | 0.3.0 | 1.91 | 19.68 | 21.59 | OK | |
r-release-linux-x86_64 | 0.3.0 | 1.68 | 19.51 | 21.19 | OK | |
r-release-macos-arm64 | 0.3.0 | 17.00 | OK | |||
r-release-macos-x86_64 | 0.3.0 | 30.00 | OK | |||
r-release-windows-x86_64 | 0.3.0 | 2.00 | 67.00 | 69.00 | OK | |
r-oldrel-macos-arm64 | 0.3.0 | 16.00 | NOTE | |||
r-oldrel-macos-x86_64 | 0.3.0 | 24.00 | NOTE | |||
r-oldrel-windows-x86_64 | 0.3.0 | 4.00 | 46.00 | 50.00 | NOTE |
Version: 0.3.0
Check: LazyData
Result: NOTE
'LazyData' is specified without a 'data' directory
Flavors: r-oldrel-macos-arm64, r-oldrel-macos-x86_64, r-oldrel-windows-x86_64