Last updated on 2024-04-19 01:58:43 CEST.
Flavor | Version | Tinstall | Tcheck | Ttotal | Status | Flags |
---|---|---|---|---|---|---|
r-devel-linux-x86_64-debian-clang | 0.5.2 | 14.14 | 457.56 | 471.70 | NOTE | |
r-devel-linux-x86_64-debian-gcc | 0.5.2 | 9.56 | 335.16 | 344.72 | NOTE | |
r-devel-linux-x86_64-fedora-clang | 0.5.2 | 552.63 | NOTE | |||
r-devel-linux-x86_64-fedora-gcc | 0.5.2 | 645.16 | NOTE | |||
r-prerel-macos-arm64 | 0.5.2 | 221.00 | NOTE | |||
r-prerel-windows-x86_64 | 0.5.2 | 11.00 | 333.00 | 344.00 | NOTE | |
r-patched-linux-x86_64 | 0.5.2 | 7.17 | 437.30 | 444.47 | NOTE | |
r-release-linux-x86_64 | 0.5.2 | 7.07 | 424.15 | 431.22 | OK | |
r-release-macos-arm64 | 0.5.2 | 253.00 | OK | |||
r-release-macos-x86_64 | 0.5.2 | 483.00 | OK | |||
r-release-windows-x86_64 | 0.5.2 | 15.00 | 411.00 | 426.00 | OK | |
r-oldrel-macos-arm64 | 0.5.2 | 242.00 | OK | |||
r-oldrel-windows-x86_64 | 0.5.2 | 16.00 | 448.00 | 464.00 | OK |
Version: 0.5.2
Check: Rd files
Result: NOTE
checkRd: (-1) add_flat_template.Rd:81: Lost braces; missing escapes or markup?
81 | \item "minimal_package": Minimal template to start a new package when you already know {fusen}, along with the "dev_history" template. Note that this is called "minimal" in \code{create_fusen()}.
| ^
checkRd: (-1) init_share_on_github.Rd:17: Lost braces; missing escapes or markup?
17 | This uses {pkgdown} to share the documentation of the package through GitHub Actions.
| ^
checkRd: (-1) init_share_on_github.Rd:36: Lost braces; missing escapes or markup?
36 | \item Init continuous deployment (CD) of the {pkgdown} website documentation
| ^
Flavors: r-devel-linux-x86_64-debian-clang, r-devel-linux-x86_64-debian-gcc, r-devel-linux-x86_64-fedora-clang, r-devel-linux-x86_64-fedora-gcc, r-prerel-macos-arm64, r-prerel-windows-x86_64, r-patched-linux-x86_64