Last updated on 2024-08-16 01:48:18 CEST.
Flavor | Version | Tinstall | Tcheck | Ttotal | Status | Flags |
---|---|---|---|---|---|---|
r-devel-linux-x86_64-debian-clang | 4.10.7 | 24.95 | 201.18 | 226.13 | NOTE | |
r-devel-linux-x86_64-debian-gcc | 4.10.7 | 15.08 | 120.92 | 136.00 | NOTE | |
r-devel-linux-x86_64-fedora-clang | 4.10.7 | 358.76 | OK | |||
r-devel-linux-x86_64-fedora-gcc | 4.10.7 | 339.62 | OK | |||
r-devel-windows-x86_64 | 4.10.7 | 22.00 | 174.00 | 196.00 | NOTE | |
r-patched-linux-x86_64 | 4.10.7 | 22.13 | 185.75 | 207.88 | OK | |
r-release-linux-x86_64 | 4.10.7 | 20.18 | 190.55 | 210.73 | OK | |
r-release-macos-arm64 | 4.10.7 | 71.00 | OK | |||
r-release-macos-x86_64 | 4.10.7 | 120.00 | OK | |||
r-release-windows-x86_64 | 4.10.7 | 22.00 | 172.00 | 194.00 | OK | |
r-oldrel-macos-arm64 | 4.10.7 | 79.00 | OK | |||
r-oldrel-macos-x86_64 | 4.10.7 | 227.00 | OK | |||
r-oldrel-windows-x86_64 | 4.10.7 | 30.00 | 224.00 | 254.00 | OK |
Version: 4.10.7
Check: Rd cross-references
Result: NOTE
Found the following Rd file(s) with Rd \link{} targets missing package
anchors:
prevalence.Rd: mod2obspred
Please provide package anchors for all Rd \link{} targets not in the
package itself and the base packages.
Flavors: r-devel-linux-x86_64-debian-clang, r-devel-linux-x86_64-debian-gcc, r-devel-windows-x86_64