Last updated on 2019-12-10 07:49:59 CET.
Flavor | Version | Tinstall | Tcheck | Ttotal | Status | Flags |
---|---|---|---|---|---|---|
r-devel-linux-x86_64-debian-clang | 1.0.6 | 5.19 | 155.53 | 160.72 | OK | |
r-devel-linux-x86_64-debian-gcc | 1.0.6 | 4.32 | 128.19 | 132.51 | OK | |
r-devel-linux-x86_64-fedora-clang | 1.0.6 | 196.82 | OK | |||
r-devel-linux-x86_64-fedora-gcc | 1.0.6 | 179.13 | OK | |||
r-devel-windows-ix86+x86_64 | 1.0.6 | 38.00 | 219.00 | 257.00 | OK | |
r-devel-windows-ix86+x86_64-gcc8 | 1.0.6 | 38.00 | 163.00 | 201.00 | OK | |
r-patched-linux-x86_64 | 1.0.6 | 5.06 | 134.81 | 139.87 | OK | |
r-patched-solaris-x86 | 1.0.6 | 267.90 | OK | |||
r-release-linux-x86_64 | 1.0.6 | 4.32 | 134.04 | 138.36 | OK | |
r-release-windows-ix86+x86_64 | 1.0.6 | 35.00 | 139.00 | 174.00 | OK | |
r-release-osx-x86_64 | 1.0.6 | NOTE | ||||
r-oldrel-windows-ix86+x86_64 | 1.0.6 | 18.00 | 138.00 | 156.00 | OK | |
r-oldrel-osx-x86_64 | 1.0.6 | OK |
Version: 1.0.6
Check: package dependencies
Result: NOTE
Package suggested but not available for checking: ‘WGCNA’
Flavor: r-release-osx-x86_64