CRAN Package Check Results for Package fwb

Last updated on 2025-11-24 02:50:02 CET.

Flavor Version Tinstall Tcheck Ttotal Status Flags
r-devel-linux-x86_64-debian-clang 0.5.1 4.10 97.88 101.98 OK
r-devel-linux-x86_64-debian-gcc 0.5.1 3.04 70.44 73.48 OK
r-devel-linux-x86_64-fedora-clang 0.5.1 14.00 149.29 163.29 OK
r-devel-linux-x86_64-fedora-gcc 0.5.1 168.47 OK
r-devel-windows-x86_64 0.5.1 9.00 127.00 136.00 OK
r-patched-linux-x86_64 0.5.1 4.22 93.91 98.13 OK
r-release-linux-x86_64 0.5.1 3.46 92.69 96.15 OK
r-release-macos-arm64 0.5.1 OK
r-release-macos-x86_64 0.5.1 6.00 113.00 119.00 OK
r-release-windows-x86_64 0.5.1 5.00 124.00 129.00 OK
r-oldrel-macos-arm64 0.5.1 WARN
r-oldrel-macos-x86_64 0.5.1 4.00 105.00 109.00 WARN
r-oldrel-windows-x86_64 0.5.1 6.00 158.00 164.00 WARN

Check Details

Version: 0.5.1
Check: whether package can be installed
Result: WARN Found the following significant warnings: Note: possible error in 'findInterval(null, ti, ': unused arguments (checkSorted = FALSE, checkNA = FALSE) See ‘/Volumes/Builds/packages/big-sur-arm64/results/4.4/fwb.Rcheck/00install.out’ for details. Information on the location(s) of code generating the ‘Note’s can be obtained by re-running with environment variable R_KEEP_PKG_SOURCE set to ‘yes’. Flavor: r-oldrel-macos-arm64

Version: 0.5.1
Check: R code for possible problems
Result: NOTE norm_inter_invert: possible error in findInterval(null, ti, checkSorted = FALSE, checkNA = FALSE): unused arguments (checkSorted = FALSE, checkNA = FALSE) Flavors: r-oldrel-macos-arm64, r-oldrel-macos-x86_64, r-oldrel-windows-x86_64

Version: 0.5.1
Check: whether package can be installed
Result: WARN Found the following significant warnings: Note: possible error in 'findInterval(null, ti, ': unused arguments (checkSorted = FALSE, checkNA = FALSE) See ‘/Volumes/Builds/packages/big-sur-x86_64/results/4.4/fwb.Rcheck/00install.out’ for details. Information on the location(s) of code generating the ‘Note’s can be obtained by re-running with environment variable R_KEEP_PKG_SOURCE set to ‘yes’. Flavor: r-oldrel-macos-x86_64

Version: 0.5.1
Check: whether package can be installed
Result: WARN Found the following significant warnings: Note: possible error in 'findInterval(null, ti, ': unused arguments (checkSorted = FALSE, checkNA = FALSE) See 'd:/Rcompile/CRANpkg/local/4.4/fwb.Rcheck/00install.out' for details. Information on the location(s) of code generating the 'Note's can be obtained by re-running with environment variable R_KEEP_PKG_SOURCE set to 'yes'. Flavor: r-oldrel-windows-x86_64