Last updated on 2022-07-01 01:49:32 CEST.
Flavor | Version | Tinstall | Tcheck | Ttotal | Status | Flags |
---|---|---|---|---|---|---|
r-devel-linux-x86_64-debian-clang | 0.8-15 | 20.26 | 219.89 | 240.15 | OK | |
r-devel-linux-x86_64-debian-gcc | 0.8-15 | 17.03 | 171.82 | 188.85 | OK | |
r-devel-linux-x86_64-fedora-clang | 0.8-15 | 325.89 | OK | |||
r-devel-linux-x86_64-fedora-gcc | 0.8-15 | 330.58 | OK | |||
r-devel-windows-x86_64 | 0.8-15 | 110.00 | 350.00 | 460.00 | OK | |
r-patched-linux-x86_64 | 0.8-15 | 22.20 | 216.70 | 238.90 | OK | |
r-release-linux-x86_64 | 0.8-15 | 19.48 | 216.95 | 236.43 | OK | |
r-release-macos-arm64 | 0.8-15 | 104.00 | NOTE | |||
r-release-macos-x86_64 | 0.8-15 | 124.00 | OK | |||
r-release-windows-x86_64 | 0.8-15 | 121.00 | 371.00 | 492.00 | OK | |
r-oldrel-macos-arm64 | 0.8-15 | 148.00 | OK | |||
r-oldrel-macos-x86_64 | 0.8-15 | 142.00 | OK | |||
r-oldrel-windows-ix86+x86_64 | 0.8-15 | 42.00 | 333.00 | 375.00 | OK |
Version: 0.8-15
Check: package dependencies
Result: NOTE
Packages suggested but not available for checking: 'graph', 'mutoss'
Flavor: r-release-macos-arm64