CRAN Package Check Results for Package gMOIP

Last updated on 2019-12-06 11:51:59 CET.

Flavor Version Tinstall Tcheck Ttotal Status Flags
r-devel-linux-x86_64-debian-clang 1.3.0 5.56 247.74 253.30 OK
r-devel-linux-x86_64-debian-gcc 1.3.0 5.16 179.96 185.12 OK
r-devel-linux-x86_64-fedora-clang 1.3.0 310.94 OK
r-devel-linux-x86_64-fedora-gcc 1.3.0 320.95 OK
r-devel-windows-ix86+x86_64 1.3.0 18.00 319.00 337.00 OK
r-devel-windows-ix86+x86_64-gcc8 1.3.0 25.00 228.00 253.00 OK
r-patched-linux-x86_64 1.3.0 5.60 219.25 224.85 OK
r-patched-solaris-x86 1.3.0 273.10 OK
r-release-linux-x86_64 1.3.0 5.49 222.74 228.23 OK
r-release-windows-ix86+x86_64 1.3.0 17.00 219.00 236.00 OK
r-release-osx-x86_64 1.3.0 WARN
r-oldrel-windows-ix86+x86_64 1.3.0 11.00 220.00 231.00 OK
r-oldrel-osx-x86_64 1.3.0 WARN

Check Details

Version: 1.3.0
Check: whether package can be installed
Result: WARN
    Found the following significant warnings:
     Warning: 'rgl_init' failed, running with rgl.useNULL = TRUE
Flavors: r-release-osx-x86_64, r-oldrel-osx-x86_64

Version: 1.3.0
Check: dependencies in R code
Result: NOTE
    No protocol specified
Flavors: r-release-osx-x86_64, r-oldrel-osx-x86_64

Version: 1.3.0
Check: S3 generic/method consistency
Result: WARN
    No protocol specified
    See section ‘Generic functions and methods’ in the ‘Writing R
    Extensions’ manual.
Flavors: r-release-osx-x86_64, r-oldrel-osx-x86_64

Version: 1.3.0
Check: replacement functions
Result: WARN
    No protocol specified
    The argument of a replacement function which corresponds to the right
    hand side must be named ‘value’.
Flavors: r-release-osx-x86_64, r-oldrel-osx-x86_64

Version: 1.3.0
Check: foreign function calls
Result: NOTE
    No protocol specified
    See chapter ‘System and foreign language interfaces’ in the ‘Writing R
    Extensions’ manual.
Flavors: r-release-osx-x86_64, r-oldrel-osx-x86_64

Version: 1.3.0
Check: R code for possible problems
Result: NOTE
    No protocol specified
Flavors: r-release-osx-x86_64, r-oldrel-osx-x86_64

Version: 1.3.0
Check: for missing documentation entries
Result: WARN
    No protocol specified
    All user-level objects in a package should have documentation entries.
    See chapter ‘Writing R documentation files’ in the ‘Writing R
    Extensions’ manual.
Flavors: r-release-osx-x86_64, r-oldrel-osx-x86_64

Version: 1.3.0
Check: for code/documentation mismatches
Result: WARN
    No protocol specified
    No protocol specified
    No protocol specified
Flavors: r-release-osx-x86_64, r-oldrel-osx-x86_64

Version: 1.3.0
Check: Rd \usage sections
Result: NOTE
    No protocol specified
    The \usage entries for S3 methods should use the \method markup and not
    their full name.
    See chapter ‘Writing R documentation files’ in the ‘Writing R
    Extensions’ manual.
Flavors: r-release-osx-x86_64, r-oldrel-osx-x86_64