Last updated on 2024-04-25 01:55:13 CEST.
Flavor | Version | Tinstall | Tcheck | Ttotal | Status | Flags |
---|---|---|---|---|---|---|
r-devel-linux-x86_64-debian-clang | 0.2.5 | 7.95 | 47.90 | 55.85 | OK | |
r-devel-linux-x86_64-debian-gcc | 0.2.5 | 4.54 | 35.82 | 40.36 | OK | |
r-devel-linux-x86_64-fedora-clang | 0.2.5 | 67.11 | NOTE | |||
r-devel-linux-x86_64-fedora-gcc | 0.2.5 | 65.16 | NOTE | |||
r-devel-windows-x86_64 | 0.2.5 | 7.00 | 57.00 | 64.00 | OK | |
r-patched-linux-x86_64 | 0.2.5 | 6.29 | 45.73 | 52.02 | OK | |
r-release-linux-x86_64 | 0.2.5 | 4.38 | 44.67 | 49.05 | OK | |
r-release-macos-arm64 | 0.2.5 | 24.00 | OK | |||
r-release-windows-x86_64 | 0.2.5 | 8.00 | 56.00 | 64.00 | OK | |
r-oldrel-macos-arm64 | 0.2.5 | 24.00 | OK | |||
r-oldrel-macos-x86_64 | 0.2.5 | 37.00 | OK | |||
r-oldrel-windows-x86_64 | 0.2.5 | 10.00 | 62.00 | 72.00 | OK |
Version: 0.2.5
Check: dependencies in R code
Result: NOTE
Namespaces in Imports field not imported from:
‘gargle’ ‘getProxy’ ‘rappsflyer’ ‘rfacebookstat’ ‘rgoogleads’
‘rmytarget’ ‘rvkstat’ ‘ryandexdirect’ ‘rym’ ‘tidyr’
All declared Imports should be used.
Flavors: r-devel-linux-x86_64-fedora-clang, r-devel-linux-x86_64-fedora-gcc