CRAN Package Check Results for Package galts

Last updated on 2025-11-23 02:51:22 CET.

Flavor Version Tinstall Tcheck Ttotal Status Flags
r-devel-linux-x86_64-debian-clang 1.3.2 1.74 22.26 24.00 NOTE
r-devel-linux-x86_64-debian-gcc 1.3.2 1.35 18.43 19.78 NOTE
r-devel-linux-x86_64-fedora-clang 1.3.2 36.45 OK
r-devel-linux-x86_64-fedora-gcc 1.3.2 34.10 OK
r-devel-windows-x86_64 1.3.2 3.00 40.00 43.00 OK
r-patched-linux-x86_64 1.3.2 1.84 21.06 22.90 OK
r-release-linux-x86_64 1.3.2 1.66 21.08 22.74 OK
r-release-macos-arm64 1.3.2 OK
r-release-macos-x86_64 1.3.2 3.00 27.00 30.00 OK
r-release-windows-x86_64 1.3.2 4.00 49.00 53.00 OK
r-oldrel-macos-arm64 1.3.2 OK
r-oldrel-macos-x86_64 1.3.2 1.00 22.00 23.00 OK
r-oldrel-windows-x86_64 1.3.2 3.00 46.00 49.00 OK

Check Details

Version: 1.3.2
Check: CRAN incoming feasibility
Result: NOTE Maintainer: ‘Mehmet Hakan Satman <mhsatman@istanbul.edu.tr>’ No Authors@R field in DESCRIPTION. Please add one, modifying Authors@R: person(given = c("Mehmet", "Hakan"), family = "Satman", role = c("aut", "cre"), email = "mhsatman@istanbul.edu.tr") as necessary. Flavors: r-devel-linux-x86_64-debian-clang, r-devel-linux-x86_64-debian-gcc