Last updated on 2022-06-27 01:49:51 CEST.
Flavor | Version | Tinstall | Tcheck | Ttotal | Status | Flags |
---|---|---|---|---|---|---|
r-devel-linux-x86_64-debian-clang | 6.0-2 | 3.14 | 29.72 | 32.86 | NOTE | |
r-devel-linux-x86_64-debian-gcc | 6.0-2 | 2.75 | 23.35 | 26.10 | NOTE | |
r-devel-linux-x86_64-fedora-clang | 6.0-2 | 50.08 | NOTE | |||
r-devel-linux-x86_64-fedora-gcc | 6.0-2 | 49.11 | NOTE | |||
r-devel-windows-x86_64 | 6.0-2 | 93.00 | 57.00 | 150.00 | NOTE | |
r-patched-linux-x86_64 | 6.0-2 | 3.87 | 27.55 | 31.42 | OK | |
r-release-linux-x86_64 | 6.0-2 | 3.22 | 28.08 | 31.30 | OK | |
r-release-macos-arm64 | 6.0-2 | 20.00 | OK | |||
r-release-macos-x86_64 | 6.0-2 | 29.00 | OK | |||
r-release-windows-x86_64 | 6.0-2 | 12.00 | 56.00 | 68.00 | OK | |
r-oldrel-macos-arm64 | 6.0-2 | 19.00 | OK | |||
r-oldrel-macos-x86_64 | 6.0-2 | 32.00 | OK | |||
r-oldrel-windows-ix86+x86_64 | 6.0-2 | 8.00 | 50.00 | 58.00 | OK |
Version: 6.0-2
Check: Rd files
Result: NOTE
checkRd: (-1) LGAclaims.Rd:30: Escaped LaTeX specials: \_
checkRd: (-1) LGAclaims.Rd:34: Escaped LaTeX specials: \_
checkRd: (-1) LGAclaims.Rd:35: Escaped LaTeX specials: \_
checkRd: (-1) LGAclaims.Rd:36: Escaped LaTeX specials: \_
Flavors: r-devel-linux-x86_64-debian-clang, r-devel-linux-x86_64-debian-gcc, r-devel-linux-x86_64-fedora-clang, r-devel-linux-x86_64-fedora-gcc, r-devel-windows-x86_64