Last updated on 2024-04-25 01:55:13 CEST.
Flavor | Version | Tinstall | Tcheck | Ttotal | Status | Flags |
---|---|---|---|---|---|---|
r-devel-linux-x86_64-debian-clang | 1.1-6 | 8.71 | 94.89 | 103.60 | NOTE | |
r-devel-linux-x86_64-debian-gcc | 1.1-6 | 6.90 | 68.27 | 75.17 | NOTE | |
r-devel-linux-x86_64-fedora-clang | 1.1-6 | 125.99 | NOTE | |||
r-devel-linux-x86_64-fedora-gcc | 1.1-6 | 121.93 | NOTE | |||
r-devel-windows-x86_64 | 1.1-6 | 10.00 | 88.00 | 98.00 | NOTE | |
r-patched-linux-x86_64 | 1.1-6 | 9.06 | 91.71 | 100.77 | NOTE | |
r-release-linux-x86_64 | 1.1-6 | 9.31 | 92.77 | 102.08 | OK | |
r-release-macos-arm64 | 1.1-6 | 38.00 | NOTE | |||
r-release-windows-x86_64 | 1.1-6 | 9.00 | 86.00 | 95.00 | NOTE | |
r-oldrel-macos-arm64 | 1.1-6 | 39.00 | OK | |||
r-oldrel-macos-x86_64 | 1.1-6 | 64.00 | OK | |||
r-oldrel-windows-x86_64 | 1.1-6 | 11.00 | 101.00 | 112.00 | OK |
Version: 1.1-6
Check: Rd files
Result: NOTE
checkRd: (-1) pc.Rd:17: Lost braces
17 | The functions \code{gamlss.pcr()} and \code{gamlss.pc()} are supporting functions. The are not intended to be called directly by users. The function \code{gamlss.pc()} is using the linear model function \code{lm()} to fit the first principal components while the function code{gamlss.pcr()} uses \code{fitPCR()}.
| ^
Flavors: r-devel-linux-x86_64-debian-clang, r-devel-linux-x86_64-debian-gcc, r-devel-linux-x86_64-fedora-clang, r-devel-linux-x86_64-fedora-gcc, r-devel-windows-x86_64, r-patched-linux-x86_64, r-release-macos-arm64, r-release-windows-x86_64