Last updated on 2024-04-24 01:52:10 CEST.
Flavor | Version | Tinstall | Tcheck | Ttotal | Status | Flags |
---|---|---|---|---|---|---|
r-devel-linux-x86_64-debian-clang | 1.5-3 | 32.40 | 328.61 | 361.01 | OK | |
r-devel-linux-x86_64-debian-gcc | 1.5-3 | 24.60 | 240.49 | 265.09 | OK | |
r-devel-linux-x86_64-fedora-clang | 1.5-3 | 462.16 | NOTE | |||
r-devel-linux-x86_64-fedora-gcc | 1.5-3 | 469.26 | OK | |||
r-prerel-macos-arm64 | 1.5-3 | 122.00 | NOTE | |||
r-prerel-windows-x86_64 | 1.5-3 | 29.00 | 360.00 | 389.00 | NOTE | |
r-patched-linux-x86_64 | 1.5-3 | 29.92 | 318.53 | 348.45 | OK | |
r-release-linux-x86_64 | 1.5-3 | 28.42 | 314.57 | 342.99 | OK | |
r-release-macos-arm64 | 1.5-3 | 126.00 | NOTE | |||
r-release-macos-x86_64 | 1.5-3 | 235.00 | NOTE | |||
r-release-windows-x86_64 | 1.5-3 | 39.00 | 396.00 | 435.00 | NOTE | |
r-oldrel-macos-arm64 | 1.5-3 | 128.00 | NOTE | |||
r-oldrel-windows-x86_64 | 1.5-3 | 38.00 | 382.00 | 420.00 | NOTE |
Version: 1.5-3
Check: installed package size
Result: NOTE
installed size is 11.2Mb
sub-directories of 1Mb or more:
doc 7.9Mb
libs 2.3Mb
Flavors: r-devel-linux-x86_64-fedora-clang, r-prerel-macos-arm64, r-prerel-windows-x86_64, r-release-macos-arm64, r-release-macos-x86_64, r-release-windows-x86_64, r-oldrel-macos-arm64, r-oldrel-windows-x86_64
Version: 1.5-3
Check: Rd cross-references
Result: NOTE
Undeclared package ‘car’ in Rd xrefs
Flavor: r-devel-linux-x86_64-fedora-clang