Last updated on 2024-08-16 01:48:18 CEST.
Flavor | Version | Tinstall | Tcheck | Ttotal | Status | Flags |
---|---|---|---|---|---|---|
r-devel-linux-x86_64-debian-clang | 1.5-3 | 25.99 | 246.46 | 272.45 | OK | |
r-devel-linux-x86_64-debian-gcc | 1.5-3 | 16.13 | 174.37 | 190.50 | OK | |
r-devel-linux-x86_64-fedora-clang | 1.5-3 | 443.81 | NOTE | |||
r-devel-linux-x86_64-fedora-gcc | 1.5-3 | 445.66 | OK | |||
r-devel-windows-x86_64 | 1.5-3 | 36.00 | 338.00 | 374.00 | NOTE | |
r-patched-linux-x86_64 | 1.5-3 | 27.45 | 237.99 | 265.44 | OK | |
r-release-linux-x86_64 | 1.5-3 | 23.45 | 237.50 | 260.95 | OK | |
r-release-macos-arm64 | 1.5-3 | 122.00 | NOTE | |||
r-release-macos-x86_64 | 1.5-3 | 206.00 | NOTE | |||
r-release-windows-x86_64 | 1.5-3 | 40.00 | 5214.00 | 5254.00 | NOTE | |
r-oldrel-macos-arm64 | 1.5-3 | 126.00 | NOTE | |||
r-oldrel-macos-x86_64 | 1.5-3 | 235.00 | NOTE | |||
r-oldrel-windows-x86_64 | 1.5-3 | 46.00 | 386.00 | 432.00 | NOTE |
Version: 1.5-3
Check: installed package size
Result: NOTE
installed size is 11.2Mb
sub-directories of 1Mb or more:
doc 7.9Mb
libs 2.3Mb
Flavors: r-devel-linux-x86_64-fedora-clang, r-devel-windows-x86_64, r-release-macos-arm64, r-release-macos-x86_64, r-release-windows-x86_64, r-oldrel-macos-arm64, r-oldrel-macos-x86_64, r-oldrel-windows-x86_64
Version: 1.5-3
Check: Rd cross-references
Result: NOTE
Undeclared package ‘car’ in Rd xrefs
Flavor: r-devel-linux-x86_64-fedora-clang