Last updated on 2025-05-19 02:49:36 CEST.
Flavor | Version | Tinstall | Tcheck | Ttotal | Status | Flags |
---|---|---|---|---|---|---|
r-devel-linux-x86_64-debian-clang | 1.1.8 | 33.90 | 42.47 | 76.37 | NOTE | |
r-devel-linux-x86_64-debian-gcc | 1.1.8 | 26.02 | 32.38 | 58.40 | NOTE | |
r-devel-linux-x86_64-fedora-clang | 1.1.8 | 137.37 | OK | |||
r-devel-linux-x86_64-fedora-gcc | 1.1.8 | 134.87 | OK | |||
r-devel-windows-x86_64 | 1.1.8 | 41.00 | 99.00 | 140.00 | OK | |
r-patched-linux-x86_64 | 1.1.8 | 35.31 | 39.99 | 75.30 | OK | |
r-release-linux-x86_64 | 1.1.8 | 31.87 | 40.38 | 72.25 | OK | |
r-release-macos-arm64 | 1.1.8 | 36.00 | OK | |||
r-release-macos-x86_64 | 1.1.8 | 65.00 | OK | |||
r-release-windows-x86_64 | 1.1.8 | 40.00 | 93.00 | 133.00 | OK | |
r-oldrel-macos-arm64 | 1.1.8 | 36.00 | OK | |||
r-oldrel-macos-x86_64 | 1.1.8 | 44.00 | OK | |||
r-oldrel-windows-x86_64 | 1.1.8 | 49.00 | 93.00 | 142.00 | OK |
Version: 1.1.8
Check: CRAN incoming feasibility
Result: NOTE
Maintainer: ‘Zifei Han <hanzifei1@gmail.com>’
No Authors@R field in DESCRIPTION.
Please add one, modifying
Authors@R: person(given = "Zifei",
family = "Han",
role = c("aut", "cre"),
email = "hanzifei1@gmail.com")
as necessary.
Flavors: r-devel-linux-x86_64-debian-clang, r-devel-linux-x86_64-debian-gcc