Last updated on 2025-11-20 02:49:15 CET.
| Flavor | Version | Tinstall | Tcheck | Ttotal | Status | Flags |
|---|---|---|---|---|---|---|
| r-devel-linux-x86_64-debian-clang | 0.2-5 | 2.40 | 30.18 | 32.58 | NOTE | |
| r-devel-linux-x86_64-debian-gcc | 0.2-5 | 2.16 | 24.17 | 26.33 | NOTE | |
| r-devel-linux-x86_64-fedora-clang | 0.2-5 | 49.95 | OK | |||
| r-devel-linux-x86_64-fedora-gcc | 0.2-5 | 45.94 | OK | |||
| r-devel-windows-x86_64 | 0.2-5 | 7.00 | 48.00 | 55.00 | OK | |
| r-patched-linux-x86_64 | 0.2-5 | 3.23 | 28.01 | 31.24 | OK | |
| r-release-linux-x86_64 | 0.2-5 | 3.07 | 27.83 | 30.90 | OK | |
| r-release-macos-arm64 | 0.2-5 | OK | ||||
| r-release-macos-x86_64 | 0.2-5 | 3.00 | 32.00 | 35.00 | OK | |
| r-release-windows-x86_64 | 0.2-5 | 4.00 | 46.00 | 50.00 | OK | |
| r-oldrel-macos-arm64 | 0.2-5 | OK | ||||
| r-oldrel-macos-x86_64 | 0.2-5 | 2.00 | 33.00 | 35.00 | OK | |
| r-oldrel-windows-x86_64 | 0.2-5 | 6.00 | 55.00 | 61.00 | OK |
Version: 0.2-5
Check: CRAN incoming feasibility
Result: NOTE
Maintainer: ‘Paul Murrell <paul@stat.auckland.ac.nz>’
No Authors@R field in DESCRIPTION.
Please add one, modifying
Authors@R: person(given = "Paul",
family = "Murrell",
role = c("aut", "cre"),
email = "paul@stat.auckland.ac.nz")
as necessary.
Flavors: r-devel-linux-x86_64-debian-clang, r-devel-linux-x86_64-debian-gcc