Last updated on 2024-08-16 01:48:19 CEST.
Flavor | Version | Tinstall | Tcheck | Ttotal | Status | Flags |
---|---|---|---|---|---|---|
r-devel-linux-x86_64-debian-clang | 1.6.4 | 41.95 | 295.05 | 337.00 | NOTE | |
r-devel-linux-x86_64-debian-gcc | 1.6.4 | 30.13 | 189.04 | 219.17 | NOTE | |
r-devel-linux-x86_64-fedora-clang | 1.6.4 | 548.38 | OK | |||
r-devel-linux-x86_64-fedora-gcc | 1.6.4 | 533.74 | OK | |||
r-devel-windows-x86_64 | 1.6.4 | 41.00 | 232.00 | 273.00 | NOTE | |
r-patched-linux-x86_64 | 1.6.4 | 42.15 | 276.99 | 319.14 | OK | |
r-release-linux-x86_64 | 1.6.4 | 41.17 | 276.73 | 317.90 | OK | |
r-release-macos-arm64 | 1.6.4 | 117.00 | OK | |||
r-release-macos-x86_64 | 1.6.4 | 200.00 | OK | |||
r-release-windows-x86_64 | 1.6.4 | 40.00 | 256.00 | 296.00 | OK | |
r-oldrel-macos-arm64 | 1.6.4 | 115.00 | OK | |||
r-oldrel-macos-x86_64 | 1.6.4 | 384.00 | OK | |||
r-oldrel-windows-x86_64 | 1.6.4 | 52.00 | 311.00 | 363.00 | OK |
Version: 1.6.4
Check: Rd cross-references
Result: NOTE
Found the following Rd file(s) with Rd \link{} targets missing package
anchors:
Transition-classes.Rd: Raster-class
Please provide package anchors for all Rd \link{} targets not in the
package itself and the base packages.
Flavors: r-devel-linux-x86_64-debian-clang, r-devel-linux-x86_64-debian-gcc, r-devel-windows-x86_64