CRAN Package Check Results for Package gee

Last updated on 2020-01-24 19:48:30 CET.

Flavor Version Tinstall Tcheck Ttotal Status Flags
r-devel-linux-x86_64-debian-clang 4.13-20 9.21 21.57 30.78 NOTE
r-devel-linux-x86_64-debian-gcc 4.13-20 2.63 16.96 19.59 NOTE
r-devel-linux-x86_64-fedora-clang 4.13-20 39.59 NOTE
r-devel-linux-x86_64-fedora-gcc 4.13-20 31.72 NOTE
r-devel-windows-ix86+x86_64 4.13-20 19.00 65.00 84.00 OK
r-devel-windows-ix86+x86_64-gcc8 4.13-20 15.00 60.00 75.00 OK
r-patched-linux-x86_64 4.13-20 3.15 19.82 22.97 NOTE
r-patched-solaris-x86 4.13-20 45.30 OK
r-release-linux-x86_64 4.13-20 2.98 19.62 22.60 NOTE
r-release-windows-ix86+x86_64 4.13-20 19.00 58.00 77.00 OK
r-release-osx-x86_64 4.13-20 OK
r-oldrel-windows-ix86+x86_64 4.13-20 12.00 56.00 68.00 OK
r-oldrel-osx-x86_64 4.13-20 OK

Check Details

Version: 4.13-20
Check: top-level files
Result: NOTE
    Non-standard files/directories found at top level:
     'README.too' 'blurb'
Flavors: r-devel-linux-x86_64-debian-clang, r-devel-linux-x86_64-debian-gcc, r-devel-linux-x86_64-fedora-clang, r-devel-linux-x86_64-fedora-gcc, r-patched-linux-x86_64, r-release-linux-x86_64