Last updated on 2025-02-01 01:50:35 CET.
Flavor | Version | Tinstall | Tcheck | Ttotal | Status | Flags |
---|---|---|---|---|---|---|
r-devel-linux-x86_64-debian-clang | 0.6.1 | 3.10 | 24.97 | 28.07 | NOTE | |
r-devel-linux-x86_64-debian-gcc | 0.6.1 | 2.27 | 19.70 | 21.97 | NOTE | |
r-devel-linux-x86_64-fedora-clang | 0.6.1 | 46.71 | NOTE | |||
r-devel-linux-x86_64-fedora-gcc | 0.6.1 | 43.54 | NOTE | |||
r-devel-windows-x86_64 | 0.6.1 | 4.00 | 50.00 | 54.00 | NOTE | |
r-patched-linux-x86_64 | 0.6.1 | 2.92 | 23.86 | 26.78 | OK | |
r-release-linux-x86_64 | 0.6.1 | 2.86 | 24.03 | 26.89 | OK | |
r-release-macos-arm64 | 0.6.1 | 21.00 | OK | |||
r-release-macos-x86_64 | 0.6.1 | 57.00 | OK | |||
r-release-windows-x86_64 | 0.6.1 | 4.00 | 48.00 | 52.00 | OK | |
r-oldrel-macos-arm64 | 0.6.1 | 22.00 | OK | |||
r-oldrel-macos-x86_64 | 0.6.1 | 59.00 | OK | |||
r-oldrel-windows-x86_64 | 0.6.1 | 5.00 | 48.00 | 53.00 | OK |
Version: 0.6.1
Check: DESCRIPTION meta-information
Result: NOTE
Missing dependency on R >= 4.1.0 because package code uses the pipe
|> or function shorthand \(...) syntax added in R 4.1.0.
File(s) using such syntax:
‘gemini.R’ ‘gemini_chat.R’ ‘gemini_image.R’
Flavors: r-devel-linux-x86_64-debian-clang, r-devel-linux-x86_64-debian-gcc, r-devel-linux-x86_64-fedora-clang, r-devel-linux-x86_64-fedora-gcc, r-devel-windows-x86_64