Last updated on 2025-10-31 01:48:58 CET.
| Flavor | Version | Tinstall | Tcheck | Ttotal | Status | Flags | 
|---|---|---|---|---|---|---|
| r-devel-linux-x86_64-debian-clang | 1.0.1 | 5.07 | 41.36 | 46.43 | OK | |
| r-devel-linux-x86_64-debian-gcc | 1.0.1 | 4.10 | 30.46 | 34.56 | OK | |
| r-devel-linux-x86_64-fedora-clang | 1.0.1 | 21.00 | 49.37 | 70.37 | NOTE | |
| r-devel-linux-x86_64-fedora-gcc | 1.0.1 | 10.00 | 53.19 | 63.19 | NOTE | |
| r-devel-windows-x86_64 | 1.0.1 | 6.00 | 55.00 | 61.00 | OK | |
| r-patched-linux-x86_64 | 1.0.1 | 5.38 | 36.50 | 41.88 | OK | |
| r-release-linux-x86_64 | 1.0.1 | 4.31 | 36.44 | 40.75 | OK | |
| r-release-macos-arm64 | 1.0.1 | 2.00 | 26.00 | 28.00 | OK | |
| r-release-macos-x86_64 | 1.0.1 | 4.00 | 36.00 | 40.00 | OK | |
| r-release-windows-x86_64 | 1.0.1 | 8.00 | 56.00 | 64.00 | OK | |
| r-oldrel-macos-arm64 | 1.0.1 | 3.00 | 21.00 | 24.00 | NOTE | |
| r-oldrel-macos-x86_64 | 1.0.1 | 5.00 | 35.00 | 40.00 | NOTE | |
| r-oldrel-windows-x86_64 | 1.0.1 | 9.00 | 68.00 | 77.00 | NOTE | 
Version: 1.0.1
Check: dependencies in R code
Result: NOTE
  Namespaces in Imports field not imported from:
    ‘ggplot2’ ‘pracma’ ‘rlang’
    All declared Imports should be used.
Flavors: r-devel-linux-x86_64-fedora-clang, r-devel-linux-x86_64-fedora-gcc
Version: 1.0.1
Check: LazyData
Result: NOTE
    'LazyData' is specified without a 'data' directory
Flavors: r-oldrel-macos-arm64, r-oldrel-macos-x86_64, r-oldrel-windows-x86_64