Last updated on 2025-01-19 01:48:22 CET.
Flavor | Version | Tinstall | Tcheck | Ttotal | Status | Flags |
---|---|---|---|---|---|---|
r-devel-linux-x86_64-debian-clang | 1.0.1 | 5.27 | 37.17 | 42.44 | OK | |
r-devel-linux-x86_64-debian-gcc | 1.0.1 | 3.64 | 27.38 | 31.02 | OK | |
r-devel-linux-x86_64-fedora-clang | 1.0.1 | 67.60 | NOTE | |||
r-devel-linux-x86_64-fedora-gcc | 1.0.1 | 63.64 | NOTE | |||
r-devel-windows-x86_64 | 1.0.1 | 8.00 | 57.00 | 65.00 | OK | |
r-patched-linux-x86_64 | 1.0.1 | 5.07 | 34.61 | 39.68 | NOTE | |
r-release-linux-x86_64 | 1.0.1 | 4.99 | 34.40 | 39.39 | NOTE | |
r-release-macos-arm64 | 1.0.1 | 24.00 | NOTE | |||
r-release-macos-x86_64 | 1.0.1 | 40.00 | NOTE | |||
r-release-windows-x86_64 | 1.0.1 | 8.00 | 59.00 | 67.00 | NOTE | |
r-oldrel-macos-arm64 | 1.0.1 | 27.00 | NOTE | |||
r-oldrel-macos-x86_64 | 1.0.1 | 35.00 | NOTE | |||
r-oldrel-windows-x86_64 | 1.0.1 | 8.00 | 63.00 | 71.00 | NOTE |
Version: 1.0.1
Check: dependencies in R code
Result: NOTE
Namespaces in Imports field not imported from:
‘ggplot2’ ‘pracma’ ‘rlang’
All declared Imports should be used.
Flavors: r-devel-linux-x86_64-fedora-clang, r-devel-linux-x86_64-fedora-gcc
Version: 1.0.1
Check: LazyData
Result: NOTE
'LazyData' is specified without a 'data' directory
Flavors: r-patched-linux-x86_64, r-release-linux-x86_64, r-release-macos-arm64, r-release-macos-x86_64, r-release-windows-x86_64, r-oldrel-macos-arm64, r-oldrel-macos-x86_64, r-oldrel-windows-x86_64