Last updated on 2025-05-19 01:49:54 CEST.
Flavor | Version | Tinstall | Tcheck | Ttotal | Status | Flags |
---|---|---|---|---|---|---|
r-devel-linux-x86_64-debian-clang | 1.0.4 | 3.18 | 28.90 | 32.08 | NOTE | |
r-devel-linux-x86_64-debian-gcc | 1.0.4 | 2.56 | 21.91 | 24.47 | NOTE | |
r-devel-linux-x86_64-fedora-clang | 1.0.4 | 46.65 | OK | |||
r-devel-linux-x86_64-fedora-gcc | 1.0.4 | 44.30 | OK | |||
r-devel-windows-x86_64 | 1.0.4 | 7.00 | 63.00 | 70.00 | OK | |
r-patched-linux-x86_64 | 1.0.4 | 3.00 | 25.84 | 28.84 | OK | |
r-release-linux-x86_64 | 1.0.4 | 3.24 | 25.88 | 29.12 | OK | |
r-release-macos-arm64 | 1.0.4 | 19.00 | OK | |||
r-release-macos-x86_64 | 1.0.4 | 39.00 | OK | |||
r-release-windows-x86_64 | 1.0.4 | 6.00 | 67.00 | 73.00 | OK | |
r-oldrel-macos-arm64 | 1.0.4 | 20.00 | OK | |||
r-oldrel-macos-x86_64 | 1.0.4 | 26.00 | OK | |||
r-oldrel-windows-x86_64 | 1.0.4 | 6.00 | 54.00 | 60.00 | OK |
Version: 1.0.4
Check: CRAN incoming feasibility
Result: NOTE
Maintainer: ‘Artur Araujo <artur.stat@gmail.com>’
Package CITATION file contains call(s) to old-style personList() or
as.personList(). Please use c() on person objects instead.
Package CITATION file contains call(s) to old-style citEntry(). Please
use bibentry() instead.
Flavors: r-devel-linux-x86_64-debian-clang, r-devel-linux-x86_64-debian-gcc