Last updated on 2024-08-16 01:48:19 CEST.
Flavor | Version | Tinstall | Tcheck | Ttotal | Status | Flags |
---|---|---|---|---|---|---|
r-devel-linux-x86_64-debian-clang | 1.1.2 | 2.70 | 26.71 | 29.41 | OK | |
r-devel-linux-x86_64-debian-gcc | 1.1.2 | 2.49 | 21.94 | 24.43 | OK | |
r-devel-linux-x86_64-fedora-clang | 1.1.2 | 46.50 | NOTE | |||
r-devel-linux-x86_64-fedora-gcc | 1.1.2 | 44.24 | NOTE | |||
r-devel-windows-x86_64 | 1.1.2 | 5.00 | 45.00 | 50.00 | OK | |
r-patched-linux-x86_64 | 1.1.2 | 3.04 | 25.58 | 28.62 | OK | |
r-release-linux-x86_64 | 1.1.2 | 3.00 | 25.82 | 28.82 | OK | |
r-release-macos-arm64 | 1.1.2 | 16.00 | OK | |||
r-release-macos-x86_64 | 1.1.2 | 37.00 | OK | |||
r-release-windows-x86_64 | 1.1.2 | 5.00 | 52.00 | 57.00 | OK | |
r-oldrel-macos-arm64 | 1.1.2 | 20.00 | OK | |||
r-oldrel-macos-x86_64 | 1.1.2 | 26.00 | OK | |||
r-oldrel-windows-x86_64 | 1.1.2 | 6.00 | 50.00 | 56.00 | OK |
Version: 1.1.2
Check: dependencies in R code
Result: NOTE
Namespace in Imports field not imported from: ‘purrr’
All declared Imports should be used.
Flavors: r-devel-linux-x86_64-fedora-clang, r-devel-linux-x86_64-fedora-gcc