CRAN Package Check Results for Package genderBR

Last updated on 2022-05-27 02:50:16 CEST.

Flavor Version Tinstall Tcheck Ttotal Status Flags
r-devel-linux-x86_64-debian-clang 1.1.2 3.15 38.86 42.01 OK
r-devel-linux-x86_64-debian-gcc 1.1.2 2.87 34.60 37.47 OK
r-devel-linux-x86_64-fedora-clang 1.1.2 52.36 NOTE
r-devel-linux-x86_64-fedora-gcc 1.1.2 50.86 NOTE
r-devel-windows-x86_64 1.1.2 16.00 58.00 74.00 OK
r-patched-linux-x86_64 1.1.2 3.67 38.53 42.20 OK
r-release-linux-x86_64 1.1.2 3.02 38.62 41.64 OK
r-release-macos-arm64 1.1.2 19.00 NOTE
r-release-macos-x86_64 1.1.2 33.00 NOTE
r-release-windows-x86_64 1.1.2 20.00 55.00 75.00 OK
r-oldrel-macos-arm64 1.1.2 23.00 NOTE
r-oldrel-macos-x86_64 1.1.2 30.00 NOTE
r-oldrel-windows-ix86+x86_64 1.1.2 8.00 52.00 60.00 OK

Check Details

Version: 1.1.2
Check: dependencies in R code
Result: NOTE
    Namespace in Imports field not imported from: ‘purrr’
     All declared Imports should be used.
Flavors: r-devel-linux-x86_64-fedora-clang, r-devel-linux-x86_64-fedora-gcc, r-release-macos-arm64, r-release-macos-x86_64, r-oldrel-macos-arm64, r-oldrel-macos-x86_64