CRAN Package Check Results for Package geneExpressionFromGEO

Last updated on 2022-07-05 02:53:29 CEST.

Flavor Version Tinstall Tcheck Ttotal Status Flags
r-devel-linux-x86_64-debian-clang 0.9 2.51 37.29 39.80 OK
r-devel-linux-x86_64-debian-gcc 0.9 1.97 28.49 30.46 OK
r-devel-linux-x86_64-fedora-clang 0.9 59.59 NOTE
r-devel-linux-x86_64-fedora-gcc 0.9 55.81 NOTE
r-devel-windows-x86_64 0.9 32.00 455.00 487.00 OK
r-patched-linux-x86_64 0.9 1.69 36.32 38.01 OK
r-release-linux-x86_64 0.9 1.48 36.69 38.17 OK
r-release-macos-arm64 0.9 29.00 NOTE
r-release-macos-x86_64 0.9 39.00 NOTE
r-release-windows-x86_64 0.9 47.00 392.00 439.00 OK
r-oldrel-macos-arm64 0.9 29.00 NOTE
r-oldrel-macos-x86_64 0.9 38.00 NOTE
r-oldrel-windows-ix86+x86_64 0.9 7.00 59.00 66.00 OK

Check Details

Version: 0.9
Check: dependencies in R code
Result: NOTE
    Namespaces in Imports field not imported from:
     ‘BiocManager’ ‘R.utils’ ‘markdown’
     All declared Imports should be used.
Flavors: r-devel-linux-x86_64-fedora-clang, r-devel-linux-x86_64-fedora-gcc, r-release-macos-arm64, r-release-macos-x86_64, r-oldrel-macos-arm64, r-oldrel-macos-x86_64