Last updated on 2025-10-31 01:48:59 CET.
| Flavor | Version | Tinstall | Tcheck | Ttotal | Status | Flags | 
|---|---|---|---|---|---|---|
| r-devel-linux-x86_64-debian-clang | 0.8.11 | 6.22 | 78.34 | 84.56 | NOTE | |
| r-devel-linux-x86_64-debian-gcc | 0.8.11 | 3.84 | 54.14 | 57.98 | NOTE | |
| r-devel-linux-x86_64-fedora-clang | 0.8.11 | 27.00 | 108.54 | 135.54 | NOTE | |
| r-devel-linux-x86_64-fedora-gcc | 0.8.11 | 11.00 | 129.61 | 140.61 | NOTE | |
| r-devel-windows-x86_64 | 0.8.11 | 7.00 | 97.00 | 104.00 | NOTE | |
| r-patched-linux-x86_64 | 0.8.11 | 6.94 | 74.31 | 81.25 | NOTE | |
| r-release-linux-x86_64 | 0.8.11 | 5.97 | 74.46 | 80.43 | NOTE | |
| r-release-macos-arm64 | 0.8.11 | 3.00 | 48.00 | 51.00 | NOTE | |
| r-release-macos-x86_64 | 0.8.11 | 5.00 | 85.00 | 90.00 | NOTE | |
| r-release-windows-x86_64 | 0.8.11 | 7.00 | 103.00 | 110.00 | NOTE | |
| r-oldrel-macos-arm64 | 0.8.11 | 3.00 | 39.00 | 42.00 | NOTE | |
| r-oldrel-macos-x86_64 | 0.8.11 | 4.00 | 64.00 | 68.00 | NOTE | |
| r-oldrel-windows-x86_64 | 0.8.11 | 9.00 | 116.00 | 125.00 | NOTE | 
Version: 0.8.11
Check: CRAN incoming feasibility
Result: NOTE
  Maintainer: ‘Lionel Guy <lionel.guy@imbim.uu.se>’
  
  No Authors@R field in DESCRIPTION.
  Please add one, modifying
    Authors@R: person(given = "Lionel",
                      family = "Guy",
                      role = c("aut", "cre"),
                      email = "lionel.guy@imbim.uu.se")
  as necessary.
  
  Package CITATION file contains call(s) to old-style citEntry().  Please
  use bibentry() instead.
Flavors: r-devel-linux-x86_64-debian-clang, r-devel-linux-x86_64-debian-gcc
Version: 0.8.11
Check: Rd files
Result: NOTE
  checkRd: (-1) barto.Rd:15-18: Lost braces in \itemize; meant \describe ?
  checkRd: (-1) barto.Rd:19-22: Lost braces in \itemize; meant \describe ?
  checkRd: (-1) barto.Rd:23-26: Lost braces in \itemize; meant \describe ?
  checkRd: (-1) chrY_subseg.Rd:16-17: Lost braces in \itemize; meant \describe ?
  checkRd: (-1) chrY_subseg.Rd:18-19: Lost braces in \itemize; meant \describe ?
  checkRd: (-1) mauve_bbone.Rd:16-17: Lost braces in \itemize; meant \describe ?
  checkRd: (-1) mauve_bbone.Rd:18-19: Lost braces in \itemize; meant \describe ?
  checkRd: (-1) three_genes.Rd:17-18: Lost braces in \itemize; meant \describe ?
  checkRd: (-1) three_genes.Rd:19-20: Lost braces in \itemize; meant \describe ?
Flavors: r-devel-linux-x86_64-debian-clang, r-devel-linux-x86_64-debian-gcc, r-devel-linux-x86_64-fedora-clang, r-devel-linux-x86_64-fedora-gcc, r-devel-windows-x86_64, r-patched-linux-x86_64, r-release-linux-x86_64, r-release-macos-arm64, r-release-macos-x86_64, r-release-windows-x86_64, r-oldrel-macos-arm64, r-oldrel-macos-x86_64, r-oldrel-windows-x86_64