Last updated on 2024-04-19 01:58:43 CEST.
Flavor | Version | Tinstall | Tcheck | Ttotal | Status | Flags |
---|---|---|---|---|---|---|
r-devel-linux-x86_64-debian-clang | 0.3.4 | 149.92 | 598.25 | 748.17 | OK | |
r-devel-linux-x86_64-debian-gcc | 0.3.4 | 124.84 | 434.02 | 558.86 | OK | |
r-devel-linux-x86_64-fedora-clang | 0.3.4 | 1005.29 | NOTE | |||
r-devel-linux-x86_64-fedora-gcc | 0.3.4 | 969.33 | OK | |||
r-prerel-macos-arm64 | 0.3.4 | 238.00 | NOTE | |||
r-prerel-windows-x86_64 | 0.3.4 | 125.00 | 431.00 | 556.00 | NOTE | |
r-patched-linux-x86_64 | 0.3.4 | 1.27 | 2.47 | 3.74 | ERROR | |
r-release-linux-x86_64 | 0.3.4 | 113.67 | 569.97 | 683.64 | OK | |
r-release-macos-arm64 | 0.3.4 | 357.00 | NOTE | |||
r-release-macos-x86_64 | 0.3.4 | 472.00 | NOTE | |||
r-release-windows-x86_64 | 0.3.4 | 155.00 | 572.00 | 727.00 | NOTE | |
r-oldrel-macos-arm64 | 0.3.4 | 293.00 | NOTE | |||
r-oldrel-windows-x86_64 | 0.3.4 | 157.00 | 537.00 | 694.00 | NOTE |
Version: 0.3.4
Check: installed package size
Result: NOTE
installed size is 5.8Mb
sub-directories of 1Mb or more:
extdata 3.0Mb
Flavors: r-devel-linux-x86_64-fedora-clang, r-prerel-macos-arm64, r-prerel-windows-x86_64, r-release-macos-arm64, r-release-macos-x86_64, r-release-windows-x86_64, r-oldrel-macos-arm64, r-oldrel-windows-x86_64
Version: 0.3.4
Check: package dependencies
Result: ERROR
Package required but not available: ‘reldist’
See section ‘The DESCRIPTION file’ in the ‘Writing R Extensions’
manual.
Flavor: r-patched-linux-x86_64