Last updated on 2022-05-24 01:49:52 CEST.
Flavor | Version | Tinstall | Tcheck | Ttotal | Status | Flags |
---|---|---|---|---|---|---|
r-devel-linux-x86_64-debian-clang | 0.2.0 | 138.32 | 827.29 | 965.61 | OK | |
r-devel-linux-x86_64-debian-gcc | 0.2.0 | 115.53 | 565.56 | 681.09 | OK | |
r-devel-linux-x86_64-fedora-clang | 0.2.0 | 1088.86 | NOTE | |||
r-devel-linux-x86_64-fedora-gcc | 0.2.0 | 1078.41 | NOTE | |||
r-devel-windows-x86_64 | 0.2.0 | 197.00 | 850.00 | 1047.00 | NOTE | |
r-patched-linux-x86_64 | 0.2.0 | 118.36 | 738.28 | 856.64 | OK | |
r-release-linux-x86_64 | 0.2.0 | OK | ||||
r-release-macos-arm64 | 0.2.0 | 267.00 | NOTE | |||
r-release-macos-x86_64 | 0.2.0 | 459.00 | NOTE | |||
r-release-windows-x86_64 | 0.2.0 | 224.00 | 811.00 | 1035.00 | NOTE | |
r-oldrel-macos-arm64 | 0.2.0 | 304.00 | NOTE | |||
r-oldrel-macos-x86_64 | 0.2.0 | 363.00 | NOTE | |||
r-oldrel-windows-ix86+x86_64 | 0.2.0 | 332.00 | 1222.00 | 1554.00 | NOTE |
Version: 0.2.0
Check: installed package size
Result: NOTE
installed size is 8.3Mb
sub-directories of 1Mb or more:
data 2.3Mb
doc 1.9Mb
libs 2.9Mb
Flavors: r-devel-linux-x86_64-fedora-clang, r-devel-windows-x86_64, r-release-macos-arm64, r-release-macos-x86_64, r-release-windows-x86_64, r-oldrel-macos-arm64, r-oldrel-macos-x86_64, r-oldrel-windows-ix86+x86_64
Version: 0.2.0
Check: dependencies in R code
Result: NOTE
Namespace in Imports field not imported from: ‘rgdal’
All declared Imports should be used.
Flavors: r-devel-linux-x86_64-fedora-clang, r-devel-linux-x86_64-fedora-gcc, r-release-macos-arm64, r-release-macos-x86_64, r-oldrel-macos-arm64, r-oldrel-macos-x86_64