Last updated on 2025-10-31 01:48:59 CET.
| Flavor | Version | Tinstall | Tcheck | Ttotal | Status | Flags | 
|---|---|---|---|---|---|---|
| r-devel-linux-x86_64-debian-clang | 2.0.0 | 8.71 | 99.41 | 108.12 | NOTE | |
| r-devel-linux-x86_64-debian-gcc | 2.0.0 | 7.98 | 70.56 | 78.54 | NOTE | |
| r-devel-linux-x86_64-fedora-clang | 2.0.0 | 34.00 | 148.06 | 182.06 | NOTE | |
| r-devel-linux-x86_64-fedora-gcc | 2.0.0 | 19.00 | 160.59 | 179.59 | NOTE | |
| r-devel-windows-x86_64 | 2.0.0 | 12.00 | 112.00 | 124.00 | NOTE | |
| r-patched-linux-x86_64 | 2.0.0 | 10.18 | 93.79 | 103.97 | NOTE | |
| r-release-linux-x86_64 | 2.0.0 | 9.36 | 93.04 | 102.40 | NOTE | |
| r-release-macos-arm64 | 2.0.0 | 7.00 | 68.00 | 75.00 | NOTE | |
| r-release-macos-x86_64 | 2.0.0 | 14.00 | 104.00 | 118.00 | NOTE | |
| r-release-windows-x86_64 | 2.0.0 | 13.00 | 112.00 | 125.00 | NOTE | |
| r-oldrel-macos-arm64 | 2.0.0 | 6.00 | 53.00 | 59.00 | OK | |
| r-oldrel-macos-x86_64 | 2.0.0 | 8.00 | 82.00 | 90.00 | OK | |
| r-oldrel-windows-x86_64 | 2.0.0 | 16.00 | 146.00 | 162.00 | OK | 
Version: 2.0.0
Check: DESCRIPTION meta-information
Result: NOTE
    Missing dependency on R >= 4.1.0 because package code uses the pipe
    |> or function shorthand \(...) syntax added in R 4.1.0.
    File(s) using such syntax:
      ‘add_geometry.Rd’ ‘add_level.Rd’ ‘common.R’
      ‘complete_point_geometry.Rd’ ‘complete_relation_by_geography.Rd’
      ‘coordinates_to_geometry.Rd’ ‘explotation.R’ ‘geodimension.R’
      ‘geolevel.R’ ‘get_empty_geometry_instances.Rd’
      ‘get_higher_level_names.Rd’ ‘get_level_data.Rd’
      ‘get_level_data_geo.Rd’ ‘get_level_geometries.Rd’
      ‘get_level_layer.Rd’ ‘get_level_names.Rd’
      ‘get_unrelated_instances.Rd’ ‘relate_levels.Rd’ ‘relations.R’
      ‘select_levels.Rd’ ‘set_level_data.Rd’ ‘transform_crs.Rd’
Flavors: r-devel-linux-x86_64-debian-clang, r-devel-linux-x86_64-debian-gcc, r-devel-linux-x86_64-fedora-clang, r-devel-linux-x86_64-fedora-gcc, r-devel-windows-x86_64, r-patched-linux-x86_64, r-release-linux-x86_64, r-release-macos-arm64, r-release-macos-x86_64, r-release-windows-x86_64